CRAN Package Check Results for Package VarSelLCM

Last updated on 2019-09-14 22:48:40 CEST.

Flavor Version Tinstall Tcheck Ttotal Status Flags
r-devel-linux-x86_64-debian-clang 2.1.3 246.18 127.39 373.57 NOTE
r-devel-linux-x86_64-debian-gcc 2.1.3 215.79 94.23 310.02 NOTE
r-devel-linux-x86_64-fedora-clang 2.1.3 591.52 NOTE
r-devel-linux-x86_64-fedora-gcc 2.1.3 568.98 NOTE
r-devel-windows-ix86+x86_64 2.1.3 653.00 267.00 920.00 NOTE
r-patched-linux-x86_64 2.1.3 231.64 120.40 352.04 NOTE
r-patched-solaris-x86 2.1.3 558.50 NOTE
r-release-linux-x86_64 2.1.3 232.05 119.31 351.36 NOTE
r-release-windows-ix86+x86_64 2.1.3 442.00 191.00 633.00 NOTE
r-release-osx-x86_64 2.1.3 NOTE
r-oldrel-windows-ix86+x86_64 2.1.3 637.00 227.00 864.00 OK
r-oldrel-osx-x86_64 2.1.3 NOTE

Check Details

Version: 2.1.3
Check: line endings in C/C++/Fortran sources/headers
Result: NOTE
    Found the following sources/headers not terminated with a newline:
     inst/include/Algorithm.h
     inst/include/AlgorithmCategorical.h
     inst/include/AlgorithmContinuous.h
     inst/include/AlgorithmInteger.h
     inst/include/AlgorithmMixed.h
     inst/include/Data.h
     inst/include/DataCategorical.h
     inst/include/DataContinuous.h
     inst/include/DataInteger.h
     inst/include/DataMixed.h
     inst/include/Param.h
     inst/include/ParamCategorical.h
     inst/include/ParamContinuous.h
     inst/include/ParamInteger.h
     inst/include/ParamMixed.h
     inst/include/XEM.h
     inst/include/XEMCategorical.h
     inst/include/XEMContinuous.h
     inst/include/XEMInteger.h
     inst/include/XEMMixed.h
     inst/include/XEMPen.h
    Some compilers warn on such files.
Flavors: r-devel-linux-x86_64-debian-clang, r-devel-linux-x86_64-debian-gcc, r-devel-linux-x86_64-fedora-clang, r-devel-linux-x86_64-fedora-gcc, r-devel-windows-ix86+x86_64, r-patched-linux-x86_64, r-patched-solaris-x86, r-release-linux-x86_64, r-release-windows-ix86+x86_64, r-release-osx-x86_64

Version: 2.1.3
Check: installed package size
Result: NOTE
     installed size is 10.6Mb
     sub-directories of 1Mb or more:
     libs 9.8Mb
Flavors: r-devel-linux-x86_64-fedora-clang, r-release-osx-x86_64, r-oldrel-osx-x86_64