CRAN Package Check Results for Package VarSelLCM

Last updated on 2019-06-24 23:00:19 CEST.

Flavor Version Tinstall Tcheck Ttotal Status Flags
r-devel-linux-x86_64-debian-clang 2.1.3 244.15 124.19 368.34 NOTE
r-devel-linux-x86_64-debian-gcc 2.1.3 207.31 95.97 303.28 NOTE
r-devel-linux-x86_64-fedora-clang 2.1.3 564.77 NOTE
r-devel-linux-x86_64-fedora-gcc 2.1.3 532.31 NOTE
r-devel-windows-ix86+x86_64 2.1.3 655.00 274.00 929.00 NOTE
r-patched-linux-x86_64 2.1.3 237.31 119.84 357.15 NOTE
r-patched-solaris-x86 2.1.3 524.00 NOTE
r-release-linux-x86_64 2.1.3 243.06 120.20 363.26 NOTE
r-release-windows-ix86+x86_64 2.1.3 499.00 230.00 729.00 NOTE
r-release-osx-x86_64 2.1.3 NOTE
r-oldrel-windows-ix86+x86_64 2.1.3 434.00 183.00 617.00 OK
r-oldrel-osx-x86_64 2.1.3 NOTE

Check Details

Version: 2.1.3
Check: line endings in C/C++/Fortran sources/headers
Result: NOTE
    Found the following sources/headers not terminated with a newline:
     inst/include/Algorithm.h
     inst/include/AlgorithmCategorical.h
     inst/include/AlgorithmContinuous.h
     inst/include/AlgorithmInteger.h
     inst/include/AlgorithmMixed.h
     inst/include/Data.h
     inst/include/DataCategorical.h
     inst/include/DataContinuous.h
     inst/include/DataInteger.h
     inst/include/DataMixed.h
     inst/include/Param.h
     inst/include/ParamCategorical.h
     inst/include/ParamContinuous.h
     inst/include/ParamInteger.h
     inst/include/ParamMixed.h
     inst/include/XEM.h
     inst/include/XEMCategorical.h
     inst/include/XEMContinuous.h
     inst/include/XEMInteger.h
     inst/include/XEMMixed.h
     inst/include/XEMPen.h
    Some compilers warn on such files.
Flavors: r-devel-linux-x86_64-debian-clang, r-devel-linux-x86_64-debian-gcc, r-devel-linux-x86_64-fedora-clang, r-devel-linux-x86_64-fedora-gcc, r-devel-windows-ix86+x86_64, r-patched-linux-x86_64, r-patched-solaris-x86, r-release-linux-x86_64, r-release-windows-ix86+x86_64, r-release-osx-x86_64

Version: 2.1.3
Check: installed package size
Result: NOTE
     installed size is 9.9Mb
     sub-directories of 1Mb or more:
     libs 9.1Mb
Flavors: r-devel-linux-x86_64-fedora-clang, r-release-osx-x86_64, r-oldrel-osx-x86_64