Last updated on 2024-04-22 23:10:08 CEST.
Flavor | Version | Tinstall | Tcheck | Ttotal | Status | Flags |
---|---|---|---|---|---|---|
r-devel-linux-x86_64-debian-clang | 2.2-7 | 7.27 | 40.20 | 47.47 | OK | |
r-devel-linux-x86_64-debian-gcc | 2.2-7 | 4.56 | 29.79 | 34.35 | OK | |
r-devel-linux-x86_64-fedora-clang | 2.2-7 | 59.49 | NOTE | |||
r-devel-linux-x86_64-fedora-gcc | 2.2-7 | 56.61 | NOTE | |||
r-prerel-macos-arm64 | 2.2-7 | 23.00 | OK | |||
r-prerel-windows-x86_64 | 2.2-7 | 6.00 | 51.00 | 57.00 | OK | |
r-patched-linux-x86_64 | 2.2-7 | 7.00 | 37.30 | 44.30 | OK | |
r-release-linux-x86_64 | 2.2-7 | 5.32 | 38.65 | 43.97 | OK | |
r-release-macos-arm64 | 2.2-7 | 25.00 | OK | |||
r-release-macos-x86_64 | 2.2-7 | 41.00 | OK | |||
r-release-windows-x86_64 | 2.2-7 | 10.00 | 57.00 | 67.00 | OK | |
r-oldrel-macos-arm64 | 2.2-7 | 30.00 | OK | |||
r-oldrel-windows-x86_64 | 2.2-7 | 10.00 | 59.00 | 69.00 | OK |
Version: 2.2-7
Check: compiled code
Result: NOTE
File ‘Vdgraph/libs/Vdgraph.so’:
Found no calls to: ‘R_registerRoutines’, ‘R_useDynamicSymbols’
It is good practice to register native routines and to disable symbol
search.
See ‘Writing portable packages’ in the ‘Writing R Extensions’ manual.
Flavors: r-devel-linux-x86_64-fedora-clang, r-devel-linux-x86_64-fedora-gcc