CRAN Package Check Results for Package WOTPLY

Last updated on 2023-06-09 22:58:43 CEST.

Flavor Version Tinstall Tcheck Ttotal Status Flags
r-devel-linux-x86_64-debian-clang 0.1.0 2.24 26.01 28.25 OK
r-devel-linux-x86_64-debian-gcc 0.1.0 1.95 20.40 22.35 OK
r-devel-linux-x86_64-fedora-clang 0.1.0 36.26 NOTE
r-devel-linux-x86_64-fedora-gcc 0.1.0 50.82 NOTE
r-devel-windows-x86_64 0.1.0 4.00 43.00 47.00 OK
r-patched-linux-x86_64 0.1.0 1.56 24.87 26.43 OK
r-release-linux-x86_64 0.1.0 1.71 24.84 26.55 OK
r-release-macos-arm64 0.1.0 26.00 OK
r-release-macos-x86_64 0.1.0 39.00 OK
r-release-windows-x86_64 0.1.0 5.00 44.00 49.00 OK
r-oldrel-macos-arm64 0.1.0 24.00 NOTE
r-oldrel-macos-x86_64 0.1.0 35.00 NOTE
r-oldrel-windows-x86_64 0.1.0 4.00 46.00 50.00 OK

Check Details

Version: 0.1.0
Check: dependencies in R code
Result: NOTE
    Namespace in Imports field not imported from: ‘sna’
     All declared Imports should be used.
Flavors: r-devel-linux-x86_64-fedora-clang, r-devel-linux-x86_64-fedora-gcc, r-oldrel-macos-arm64, r-oldrel-macos-x86_64