Last updated on 2023-06-09 22:58:43 CEST.
Flavor | Version | Tinstall | Tcheck | Ttotal | Status | Flags |
---|---|---|---|---|---|---|
r-devel-linux-x86_64-debian-clang | 0.1.3 | 130.70 | 71.19 | 201.89 | NOTE | |
r-devel-linux-x86_64-debian-gcc | 0.1.3 | 103.97 | 54.71 | 158.68 | NOTE | |
r-devel-linux-x86_64-fedora-clang | 0.1.3 | 314.53 | NOTE | |||
r-devel-linux-x86_64-fedora-gcc | 0.1.3 | 304.08 | NOTE | |||
r-devel-windows-x86_64 | 0.1.3 | 106.00 | 92.00 | 198.00 | NOTE | |
r-patched-linux-x86_64 | 0.1.3 | 122.99 | 67.26 | 190.25 | NOTE | |
r-release-linux-x86_64 | 0.1.3 | 115.43 | 67.91 | 183.34 | NOTE | |
r-release-macos-arm64 | 0.1.3 | 76.00 | NOTE | |||
r-release-macos-x86_64 | 0.1.3 | 119.00 | NOTE | |||
r-release-windows-x86_64 | 0.1.3 | 134.00 | 107.00 | 241.00 | NOTE | |
r-oldrel-macos-arm64 | 0.1.3 | 69.00 | NOTE | |||
r-oldrel-macos-x86_64 | 0.1.3 | 97.00 | NOTE | |||
r-oldrel-windows-x86_64 | 0.1.3 | 134.00 | 105.00 | 239.00 | OK |
Version: 0.1.3
Check: C++ specification
Result: NOTE
Specified C++11: please drop specification unless essential
Flavors: r-devel-linux-x86_64-debian-clang, r-devel-linux-x86_64-debian-gcc, r-devel-linux-x86_64-fedora-clang, r-devel-linux-x86_64-fedora-gcc, r-devel-windows-x86_64, r-patched-linux-x86_64, r-release-linux-x86_64, r-release-macos-arm64, r-release-macos-x86_64, r-release-windows-x86_64
Version: 0.1.3
Check: installed package size
Result: NOTE
installed size is 5.1Mb
sub-directories of 1Mb or more:
libs 5.0Mb
Flavors: r-release-macos-arm64, r-oldrel-macos-arm64, r-oldrel-macos-x86_64