CRAN Package Check Results for Package WaverR

Last updated on 2024-04-23 22:55:41 CEST.

Flavor Version Tinstall Tcheck Ttotal Status Flags
r-devel-linux-x86_64-debian-clang 1.0 2.99 33.05 36.04 NOTE
r-devel-linux-x86_64-debian-gcc 1.0 2.45 24.98 27.43 NOTE
r-devel-linux-x86_64-fedora-clang 1.0 45.49 NOTE
r-devel-linux-x86_64-fedora-gcc 1.0 43.89 NOTE
r-prerel-macos-arm64 1.0 17.00 OK
r-prerel-windows-x86_64 1.0 4.00 44.00 48.00 OK
r-patched-linux-x86_64 1.0 2.70 32.45 35.15 NOTE
r-release-linux-x86_64 1.0 2.62 33.17 35.79 NOTE
r-release-macos-arm64 1.0 18.00 OK
r-release-macos-x86_64 1.0 26.00 OK
r-release-windows-x86_64 1.0 5.00 47.00 52.00 OK
r-oldrel-macos-arm64 1.0 18.00 OK
r-oldrel-windows-x86_64 1.0 5.00 52.00 57.00 OK

Check Details

Version: 1.0
Check: for non-standard things in the check directory
Result: NOTE Found the following files/directories: ‘ReconstructedData.txt’ ‘ReconstructedDataStDev.txt’ ‘ResampledReconstructions.txt’ ‘ResampledReconstructionsStandardVariation.txt’ Flavors: r-devel-linux-x86_64-debian-clang, r-devel-linux-x86_64-debian-gcc, r-devel-linux-x86_64-fedora-clang, r-devel-linux-x86_64-fedora-gcc, r-patched-linux-x86_64, r-release-linux-x86_64