Last updated on 2023-12-06 23:12:19 CET.
Flavor | Version | Tinstall | Tcheck | Ttotal | Status | Flags |
---|---|---|---|---|---|---|
r-devel-linux-x86_64-debian-clang | 1.0 | 2.91 | 32.87 | 35.78 | NOTE | |
r-devel-linux-x86_64-debian-gcc | 1.0 | 2.32 | 24.90 | 27.22 | NOTE | |
r-devel-linux-x86_64-fedora-clang | 1.0 | 44.19 | NOTE | |||
r-devel-linux-x86_64-fedora-gcc | 1.0 | 42.81 | NOTE | |||
r-devel-windows-x86_64 | 1.0 | 4.00 | 46.00 | 50.00 | OK | |
r-patched-linux-x86_64 | 1.0 | 2.81 | 32.60 | 35.41 | NOTE | |
r-release-linux-x86_64 | 1.0 | 2.43 | 32.48 | 34.91 | NOTE | |
r-release-macos-arm64 | 1.0 | 18.00 | OK | |||
r-release-macos-x86_64 | 1.0 | 26.00 | OK | |||
r-release-windows-x86_64 | 1.0 | 4.00 | 47.00 | 51.00 | OK | |
r-oldrel-macos-arm64 | 1.0 | 18.00 | OK | |||
r-oldrel-macos-x86_64 | 1.0 | 24.00 | OK | |||
r-oldrel-windows-x86_64 | 1.0 | 4.00 | 88.00 | 92.00 | OK |
Version: 1.0
Check: for non-standard things in the check directory
Result: NOTE
Found the following files/directories:
‘ReconstructedData.txt’ ‘ReconstructedDataStDev.txt’
‘ResampledReconstructions.txt’
‘ResampledReconstructionsStandardVariation.txt’
Flavors: r-devel-linux-x86_64-debian-clang, r-devel-linux-x86_64-debian-gcc, r-devel-linux-x86_64-fedora-clang, r-devel-linux-x86_64-fedora-gcc, r-patched-linux-x86_64, r-release-linux-x86_64