CRAN Package Check Results for Package WeibullFit

Last updated on 2024-04-18 22:53:05 CEST.

Flavor Version Tinstall Tcheck Ttotal Status Flags
r-devel-linux-x86_64-debian-clang 0.1.0 7.38 61.30 68.68 NOTE
r-devel-linux-x86_64-debian-gcc 0.1.0 6.90 46.41 53.31 NOTE
r-devel-linux-x86_64-fedora-clang 0.1.0 87.74 NOTE
r-devel-linux-x86_64-fedora-gcc 0.1.0 83.91 NOTE
r-prerel-macos-arm64 0.1.0 30.00 NOTE
r-prerel-windows-x86_64 0.1.0 8.00 62.00 70.00 NOTE
r-patched-linux-x86_64 0.1.0 7.78 59.73 67.51 NOTE
r-release-linux-x86_64 0.1.0 5.08 57.93 63.01 OK
r-release-macos-arm64 0.1.0 29.00 OK
r-release-macos-x86_64 0.1.0 44.00 OK
r-release-windows-x86_64 0.1.0 10.00 71.00 81.00 OK
r-oldrel-macos-arm64 0.1.0 29.00 OK
r-oldrel-windows-x86_64 0.1.0 10.00 78.00 88.00 OK

Check Details

Version: 0.1.0
Check: Rd files
Result: NOTE checkRd: (-1) busTrace.Rd:15: Lost braces 15 | /href{https://crawdad.org/coppe-ufrj/RioBuses/20180319/} | ^ Flavors: r-devel-linux-x86_64-debian-clang, r-devel-linux-x86_64-debian-gcc, r-devel-linux-x86_64-fedora-clang, r-devel-linux-x86_64-fedora-gcc, r-prerel-macos-arm64, r-prerel-windows-x86_64, r-patched-linux-x86_64