Last updated on 2024-03-28 23:02:02 CET.
Flavor | Version | Tinstall | Tcheck | Ttotal | Status | Flags |
---|---|---|---|---|---|---|
r-devel-linux-x86_64-debian-clang | 2020.1.31 | 1.83 | 36.06 | 37.89 | NOTE | |
r-devel-linux-x86_64-debian-gcc | 2020.1.31 | 1.48 | 27.45 | 28.93 | NOTE | |
r-devel-linux-x86_64-fedora-clang | 2020.1.31 | 49.22 | NOTE | |||
r-devel-linux-x86_64-fedora-gcc | 2020.1.31 | 58.11 | NOTE | |||
r-devel-windows-x86_64 | 2020.1.31 | 2.00 | 59.00 | 61.00 | NOTE | |
r-patched-linux-x86_64 | 2020.1.31 | 2.05 | 34.82 | 36.87 | NOTE | |
r-release-linux-x86_64 | 2020.1.31 | 1.65 | 34.05 | 35.70 | OK | |
r-release-macos-arm64 | 2020.1.31 | 26.00 | OK | |||
r-release-macos-x86_64 | 2020.1.31 | 38.00 | OK | |||
r-release-windows-x86_64 | 2020.1.31 | 2.00 | 59.00 | 61.00 | OK | |
r-oldrel-macos-arm64 | 2020.1.31 | 20.00 | OK | |||
r-oldrel-windows-x86_64 | 2020.1.31 | 4.00 | 61.00 | 65.00 | OK |
Version: 2020.1.31
Check: Rd files
Result: NOTE
checkRd: (-1) WeightedROC.Rd:10: Lost braces; missing escapes or markup?
10 | integer/numeric with values all in {0=negative,1=positive} or
| ^
checkRd: (-1) WeightedROC.Rd:11: Lost braces; missing escapes or markup?
11 | {1=negative,2=positive} or {-1=negative,1=positive}.}
| ^
checkRd: (-1) WeightedROC.Rd:11: Lost braces; missing escapes or markup?
11 | {1=negative,2=positive} or {-1=negative,1=positive}.}
| ^
Flavors: r-devel-linux-x86_64-debian-clang, r-devel-linux-x86_64-debian-gcc, r-devel-linux-x86_64-fedora-clang, r-devel-linux-x86_64-fedora-gcc, r-devel-windows-x86_64, r-patched-linux-x86_64