Last updated on 2024-03-28 23:02:02 CET.
Flavor | Version | Tinstall | Tcheck | Ttotal | Status | Flags |
---|---|---|---|---|---|---|
r-devel-linux-x86_64-debian-clang | 2.4.2 | 15.50 | 149.70 | 165.20 | NOTE | |
r-devel-linux-x86_64-debian-gcc | 2.4.2 | 10.64 | 120.28 | 130.92 | NOTE | |
r-devel-linux-x86_64-fedora-clang | 2.4.2 | 210.72 | NOTE | |||
r-devel-linux-x86_64-fedora-gcc | 2.4.2 | 220.75 | NOTE | |||
r-devel-windows-x86_64 | 2.4.2 | 14.00 | 142.00 | 156.00 | NOTE | |
r-patched-linux-x86_64 | 2.4.2 | 12.12 | 153.91 | 166.03 | NOTE | |
r-release-linux-x86_64 | 2.4.2 | 16.73 | 156.77 | 173.50 | OK | |
r-release-macos-arm64 | 2.4.2 | 94.00 | OK | |||
r-release-macos-x86_64 | 2.4.2 | 142.00 | OK | |||
r-release-windows-x86_64 | 2.4.2 | 16.00 | 163.00 | 179.00 | OK | |
r-oldrel-macos-arm64 | 2.4.2 | 98.00 | OK | |||
r-oldrel-windows-x86_64 | 2.4.2 | 18.00 | 168.00 | 186.00 | OK |
Version: 2.4.2
Check: Rd files
Result: NOTE
checkRd: (-1) get.deriv.smooth.hist.Rd:5: Lost braces; missing escapes or markup?
5 | \title{Gets $n^{th}$ derivative of smoothed histogram}
| ^
Flavors: r-devel-linux-x86_64-debian-clang, r-devel-linux-x86_64-debian-gcc, r-devel-linux-x86_64-fedora-clang, r-devel-linux-x86_64-fedora-gcc, r-devel-windows-x86_64, r-patched-linux-x86_64