Last updated on 2023-12-09 21:54:35 CET.
Flavor | Version | Tinstall | Tcheck | Ttotal | Status | Flags |
---|---|---|---|---|---|---|
r-devel-linux-x86_64-debian-clang | 2.4.2 | 15.82 | 151.82 | 167.64 | NOTE | |
r-devel-linux-x86_64-debian-gcc | 2.4.2 | 11.00 | 120.64 | 131.64 | NOTE | |
r-devel-linux-x86_64-fedora-clang | 2.4.2 | 214.98 | OK | |||
r-devel-linux-x86_64-fedora-gcc | 2.4.2 | 229.81 | OK | |||
r-devel-windows-x86_64 | 2.4.2 | 14.00 | 140.00 | 154.00 | OK | |
r-patched-linux-x86_64 | 2.4.2 | 18.43 | 156.36 | 174.79 | OK | |
r-release-linux-x86_64 | 2.4.2 | 11.33 | 154.65 | 165.98 | OK | |
r-release-macos-arm64 | 2.4.2 | 94.00 | OK | |||
r-release-macos-x86_64 | 2.4.2 | 142.00 | OK | |||
r-release-windows-x86_64 | 2.4.2 | 16.00 | 163.00 | 179.00 | OK | |
r-oldrel-macos-arm64 | 2.4.2 | 98.00 | OK | |||
r-oldrel-macos-x86_64 | 2.4.2 | 105.00 | OK | |||
r-oldrel-windows-x86_64 | 2.4.2 | 17.00 | 166.00 | 183.00 | OK |
Version: 2.4.2
Check: Rd files
Result: NOTE
checkRd: (-1) get.deriv.smooth.hist.Rd:5: Lost braces; missing escapes or markup?
5 | \title{Gets $n^{th}$ derivative of smoothed histogram}
| ^
Flavors: r-devel-linux-x86_64-debian-clang, r-devel-linux-x86_64-debian-gcc