CRAN Package Check Results for Package WoodSimulatR

Last updated on 2024-07-23 22:49:54 CEST.

Flavor Version Tinstall Tcheck Ttotal Status Flags
r-devel-linux-x86_64-debian-clang 0.6.1 5.49 73.48 78.97 OK
r-devel-linux-x86_64-debian-gcc 0.6.1 4.12 54.46 58.58 NOTE
r-devel-linux-x86_64-fedora-clang 0.6.1 100.60 OK
r-devel-linux-x86_64-fedora-gcc 0.6.1 105.39 OK
r-devel-windows-x86_64 0.6.1 7.00 76.00 83.00 NOTE
r-patched-linux-x86_64 0.6.1 10.86 68.24 79.10 OK
r-release-linux-x86_64 0.6.1 3.66 69.69 73.35 OK
r-release-macos-arm64 0.6.1 35.00 OK
r-release-macos-x86_64 0.6.1 54.00 OK
r-release-windows-x86_64 0.6.1 6.00 78.00 84.00 OK
r-oldrel-macos-arm64 0.6.1 42.00 OK
r-oldrel-macos-x86_64 0.6.1 79.00 OK
r-oldrel-windows-x86_64 0.6.1 9.00 89.00 98.00 OK

Check Details

Version: 0.6.1
Check: Rd cross-references
Result: NOTE Found the following Rd file(s) with Rd \link{} targets missing package anchors: get_transform_names.Rd: is_primitive simbase_covar.Rd: group_by, tibble simbase_list.Rd: group_by, tibble simulate_conditionally.simbase_list.Rd: nest, unnest Please provide package anchors for all Rd \link{} targets not in the package itself and the base packages. Flavors: r-devel-linux-x86_64-debian-gcc, r-devel-windows-x86_64