CRAN Package Check Results for Package WoodburyMatrix

Last updated on 2021-04-13 22:54:02 CEST.

Flavor Version Tinstall Tcheck Ttotal Status Flags
r-devel-linux-x86_64-debian-clang 0.0.1 6.83 82.46 89.29 NOTE
r-devel-linux-x86_64-debian-gcc 0.0.1 7.51 63.29 70.80 NOTE
r-devel-linux-x86_64-fedora-clang 0.0.1 117.13 NOTE
r-devel-linux-x86_64-fedora-gcc 0.0.1 109.29 NOTE
r-devel-windows-ix86+x86_64 0.0.1 18.00 101.00 119.00 NOTE
r-devel-windows-x86_64-gcc10-UCRT 0.0.1 NOTE
r-patched-linux-x86_64 0.0.1 8.87 76.84 85.71 OK
r-patched-solaris-x86 0.0.1 166.00 OK
r-release-linux-x86_64 0.0.1 8.26 76.47 84.73 OK
r-release-macos-x86_64 0.0.1 OK
r-release-windows-ix86+x86_64 0.0.1 14.00 102.00 116.00 OK
r-oldrel-macos-x86_64 0.0.1 OK
r-oldrel-windows-ix86+x86_64 0.0.1 16.00 71.00 87.00 OK

Check Details

Version: 0.0.1
Check: LazyData
Result: NOTE
     'LazyData' is specified without a 'data' directory
Flavors: r-devel-linux-x86_64-debian-clang, r-devel-linux-x86_64-debian-gcc, r-devel-linux-x86_64-fedora-clang, r-devel-linux-x86_64-fedora-gcc, r-devel-windows-ix86+x86_64, r-devel-windows-x86_64-gcc10-UCRT