CRAN Package Check Results for Package XKCDdata

Last updated on 2019-08-18 22:47:11 CEST.

Flavor Version Tinstall Tcheck Ttotal Status Flags
r-devel-linux-x86_64-debian-clang 0.1.0 3.13 32.03 35.16 OK
r-devel-linux-x86_64-debian-gcc 0.1.0 2.77 25.47 28.24 OK
r-devel-linux-x86_64-fedora-clang 0.1.0 43.84 NOTE
r-devel-linux-x86_64-fedora-gcc 0.1.0 40.16 NOTE
r-devel-windows-ix86+x86_64 0.1.0 15.00 65.00 80.00 OK
r-patched-linux-x86_64 0.1.0 2.92 31.12 34.04 OK
r-patched-solaris-x86 0.1.0 67.80 NOTE
r-release-linux-x86_64 0.1.0 2.81 31.42 34.23 OK
r-release-windows-ix86+x86_64 0.1.0 8.00 49.00 57.00 OK
r-release-osx-x86_64 0.1.0 NOTE
r-oldrel-windows-ix86+x86_64 0.1.0 8.00 64.00 72.00 OK
r-oldrel-osx-x86_64 0.1.0 NOTE

Check Details

Version: 0.1.0
Check: dependencies in R code
Result: NOTE
    Namespace in Imports field not imported from: ‘tibble’
     All declared Imports should be used.
Flavors: r-devel-linux-x86_64-fedora-clang, r-devel-linux-x86_64-fedora-gcc, r-patched-solaris-x86, r-release-osx-x86_64, r-oldrel-osx-x86_64