CRAN Package Check Results for Package XKCDdata

Last updated on 2019-12-10 22:49:54 CET.

Flavor Version Tinstall Tcheck Ttotal Status Flags
r-devel-linux-x86_64-debian-clang 0.1.0 3.14 34.52 37.66 OK
r-devel-linux-x86_64-debian-gcc 0.1.0 2.96 27.52 30.48 OK
r-devel-linux-x86_64-fedora-clang 0.1.0 46.59 NOTE
r-devel-linux-x86_64-fedora-gcc 0.1.0 44.98 NOTE
r-devel-windows-ix86+x86_64 0.1.0 11.00 73.00 84.00 OK
r-devel-windows-ix86+x86_64-gcc8 0.1.0 11.00 52.00 63.00 OK
r-patched-linux-x86_64 0.1.0 2.96 31.41 34.37 OK
r-patched-solaris-x86 0.1.0 68.20 NOTE
r-release-linux-x86_64 0.1.0 3.22 31.69 34.91 OK
r-release-windows-ix86+x86_64 0.1.0 9.00 44.00 53.00 OK
r-release-osx-x86_64 0.1.0 NOTE
r-oldrel-windows-ix86+x86_64 0.1.0 4.00 44.00 48.00 OK
r-oldrel-osx-x86_64 0.1.0 NOTE

Check Details

Version: 0.1.0
Check: dependencies in R code
Result: NOTE
    Namespace in Imports field not imported from: ‘tibble’
     All declared Imports should be used.
Flavors: r-devel-linux-x86_64-fedora-clang, r-devel-linux-x86_64-fedora-gcc, r-patched-solaris-x86, r-release-osx-x86_64, r-oldrel-osx-x86_64