Last updated on 2024-04-24 23:00:39 CEST.
Flavor | Version | Tinstall | Tcheck | Ttotal | Status | Flags |
---|---|---|---|---|---|---|
r-devel-linux-x86_64-debian-clang | 1.0.4 | 3.32 | 26.55 | 29.87 | OK | |
r-devel-linux-x86_64-debian-gcc | 1.0.4 | 2.61 | 20.48 | 23.09 | OK | |
r-devel-linux-x86_64-fedora-clang | 1.0.4 | 38.72 | NOTE | |||
r-devel-linux-x86_64-fedora-gcc | 1.0.4 | 60.59 | NOTE | |||
r-devel-windows-x86_64 | 1.0.4 | 5.00 | 42.00 | 47.00 | OK | |
r-patched-linux-x86_64 | 1.0.4 | 2.81 | 26.07 | 28.88 | OK | |
r-release-linux-x86_64 | 1.0.4 | 3.25 | 24.33 | 27.58 | OK | |
r-release-macos-arm64 | 1.0.4 | 24.00 | OK | |||
r-release-windows-x86_64 | 1.0.4 | 5.00 | 44.00 | 49.00 | OK | |
r-oldrel-macos-arm64 | 1.0.4 | 21.00 | OK | |||
r-oldrel-macos-x86_64 | 1.0.4 | 37.00 | OK | |||
r-oldrel-windows-x86_64 | 1.0.4 | 7.00 | 42.00 | 49.00 | OK |
Version: 1.0.4
Check: compiled code
Result: NOTE
File ‘XNomial/libs/XNomial.so’:
Found no calls to: ‘R_registerRoutines’, ‘R_useDynamicSymbols’
It is good practice to register native routines and to disable symbol
search.
See ‘Writing portable packages’ in the ‘Writing R Extensions’ manual.
Flavors: r-devel-linux-x86_64-fedora-clang, r-devel-linux-x86_64-fedora-gcc