Last updated on 2024-03-28 23:02:02 CET.
Flavor | Version | Tinstall | Tcheck | Ttotal | Status | Flags |
---|---|---|---|---|---|---|
r-devel-linux-x86_64-debian-clang | 0.9.0 | 6.94 | 37.57 | 44.51 | NOTE | |
r-devel-linux-x86_64-debian-gcc | 0.9.0 | 4.86 | 28.76 | 33.62 | NOTE | |
r-devel-linux-x86_64-fedora-clang | 0.9.0 | 56.57 | NOTE | |||
r-devel-linux-x86_64-fedora-gcc | 0.9.0 | 65.10 | NOTE | |||
r-devel-windows-x86_64 | 0.9.0 | 7.00 | 50.00 | 57.00 | NOTE | |
r-patched-linux-x86_64 | 0.9.0 | 9.16 | 36.23 | 45.39 | NOTE | |
r-release-linux-x86_64 | 0.9.0 | 4.89 | 34.72 | 39.61 | OK | |
r-release-macos-arm64 | 0.9.0 | 26.00 | OK | |||
r-release-macos-x86_64 | 0.9.0 | 39.00 | OK | |||
r-release-windows-x86_64 | 0.9.0 | 7.00 | 52.00 | 59.00 | OK | |
r-oldrel-macos-arm64 | 0.9.0 | 20.00 | OK | |||
r-oldrel-windows-x86_64 | 0.9.0 | 9.00 | 57.00 | 66.00 | OK |
Version: 0.9.0
Check: Rd metadata
Result: NOTE
Invalid package aliases in Rd file 'XRjulia-package.Rd':
‘XRjulia-package’
Flavors: r-devel-linux-x86_64-debian-clang, r-devel-linux-x86_64-debian-gcc, r-devel-linux-x86_64-fedora-clang, r-devel-linux-x86_64-fedora-gcc, r-devel-windows-x86_64, r-patched-linux-x86_64