CRAN Package Check Results for Package YRmisc

Last updated on 2023-09-23 23:01:02 CEST.

Flavor Version Tinstall Tcheck Ttotal Status Flags
r-devel-linux-x86_64-debian-clang 0.1.6 6.12 77.33 83.45 NOTE
r-devel-linux-x86_64-debian-gcc 0.1.6 5.10 59.82 64.92 NOTE
r-devel-linux-x86_64-fedora-clang 0.1.6 101.99 NOTE
r-devel-linux-x86_64-fedora-gcc 0.1.6 104.77 NOTE
r-devel-windows-x86_64 0.1.6 9.00 100.00 109.00 NOTE
r-patched-linux-x86_64 0.1.6 8.11 73.90 82.01 NOTE
r-release-linux-x86_64 0.1.6 5.20 74.33 79.53 NOTE
r-release-macos-arm64 0.1.6 35.00 NOTE
r-release-macos-x86_64 0.1.6 54.00 NOTE
r-release-windows-x86_64 0.1.6 10.00 118.00 128.00 NOTE
r-oldrel-macos-arm64 0.1.6 29.00 NOTE
r-oldrel-macos-x86_64 0.1.6 62.00 NOTE
r-oldrel-windows-x86_64 0.1.6 11.00 102.00 113.00 NOTE

Check Details

Version: 0.1.6
Check: LazyData
Result: NOTE
     'LazyData' is specified without a 'data' directory
Flavors: r-devel-linux-x86_64-debian-clang, r-devel-linux-x86_64-debian-gcc, r-devel-linux-x86_64-fedora-clang, r-devel-linux-x86_64-fedora-gcc, r-devel-windows-x86_64, r-patched-linux-x86_64, r-release-linux-x86_64, r-release-macos-arm64, r-release-macos-x86_64, r-release-windows-x86_64, r-oldrel-macos-arm64, r-oldrel-macos-x86_64, r-oldrel-windows-x86_64