CRAN Package Check Results for Package abbyyR

Last updated on 2021-04-16 22:50:49 CEST.

Flavor Version Tinstall Tcheck Ttotal Status Flags
r-devel-linux-x86_64-debian-clang 0.5.5 5.89 52.80 58.69 NOTE
r-devel-linux-x86_64-debian-gcc 0.5.5 4.53 40.84 45.37 NOTE
r-devel-linux-x86_64-fedora-clang 0.5.5 78.48 NOTE
r-devel-linux-x86_64-fedora-gcc 0.5.5 67.72 NOTE
r-devel-windows-ix86+x86_64 0.5.5 14.00 78.00 92.00 NOTE
r-devel-windows-x86_64-gcc10-UCRT 0.5.5 NOTE
r-patched-linux-x86_64 0.5.5 5.79 49.85 55.64 OK
r-patched-solaris-x86 0.5.5 104.00 OK
r-release-linux-x86_64 0.5.5 5.22 49.60 54.82 OK
r-release-macos-x86_64 0.5.5 OK
r-release-windows-ix86+x86_64 0.5.5 19.00 85.00 104.00 OK
r-oldrel-macos-x86_64 0.5.5 OK
r-oldrel-windows-ix86+x86_64 0.5.5 9.00 71.00 80.00 OK

Check Details

Version: 0.5.5
Check: LazyData
Result: NOTE
     'LazyData' is specified without a 'data' directory
Flavors: r-devel-linux-x86_64-debian-clang, r-devel-linux-x86_64-debian-gcc, r-devel-linux-x86_64-fedora-clang, r-devel-linux-x86_64-fedora-gcc, r-devel-windows-ix86+x86_64, r-devel-windows-x86_64-gcc10-UCRT