Last updated on 2024-04-23 22:55:15 CEST.
Flavor | Version | Tinstall | Tcheck | Ttotal | Status | Flags |
---|---|---|---|---|---|---|
r-devel-linux-x86_64-debian-clang | 1.9 | 94.72 | 103.91 | 198.63 | OK | |
r-devel-linux-x86_64-debian-gcc | 1.9 | 71.59 | 73.91 | 145.50 | OK | |
r-devel-linux-x86_64-fedora-clang | 1.9 | 271.04 | OK | |||
r-devel-linux-x86_64-fedora-gcc | 1.9 | 258.54 | OK | |||
r-prerel-macos-arm64 | 1.9 | 77.00 | NOTE | |||
r-prerel-windows-x86_64 | 1.9 | 71.00 | 149.00 | 220.00 | OK | |
r-patched-linux-x86_64 | 1.9 | 102.79 | 96.94 | 199.73 | OK | |
r-release-linux-x86_64 | 1.9 | 64.77 | 97.13 | 161.90 | OK | |
r-release-macos-arm64 | 1.9 | 71.00 | NOTE | |||
r-release-macos-x86_64 | 1.9 | 114.00 | NOTE | |||
r-release-windows-x86_64 | 1.9 | 90.00 | 135.00 | 225.00 | OK | |
r-oldrel-macos-arm64 | 1.9 | 61.00 | NOTE | |||
r-oldrel-windows-x86_64 | 1.9 | 87.00 | 128.00 | 215.00 | OK |
Version: 1.9
Check: installed package size
Result: NOTE
installed size is 5.3Mb
sub-directories of 1Mb or more:
data 2.6Mb
libs 2.4Mb
Flavors: r-prerel-macos-arm64, r-release-macos-arm64, r-release-macos-x86_64, r-oldrel-macos-arm64