Last updated on 2024-05-03 22:53:05 CEST.
Flavor | Version | Tinstall | Tcheck | Ttotal | Status | Flags |
---|---|---|---|---|---|---|
r-devel-linux-x86_64-debian-clang | 0.4.8 | 273.86 | 109.31 | 383.17 | NOTE | |
r-devel-linux-x86_64-fedora-clang | 0.4.8 | 464.31 | NOTE | |||
r-devel-linux-x86_64-fedora-gcc | 0.4.8 | 607.17 | NOTE | |||
r-devel-windows-x86_64 | 0.4.8 | 200.00 | 130.00 | 330.00 | NOTE | |
r-patched-linux-x86_64 | 0.4.8 | 306.48 | 119.16 | 425.64 | NOTE | |
r-release-linux-x86_64 | 0.4.8 | 305.16 | 118.47 | 423.63 | NOTE | |
r-release-macos-arm64 | 0.4.8 | 130.00 | NOTE | |||
r-release-windows-x86_64 | 0.4.8 | 182.00 | 128.00 | 310.00 | ERROR | |
r-oldrel-macos-arm64 | 0.4.8 | 124.00 | NOTE | |||
r-oldrel-macos-x86_64 | 0.4.8 | 373.00 | NOTE | |||
r-oldrel-windows-x86_64 | 0.4.8 | 259.00 | 160.00 | 419.00 | OK |
Version: 0.4.8
Check: Rd files
Result: NOTE
checkRd: (-1) abess.Rd:260: Lost braces in \itemize; meant \describe ?
checkRd: (-1) abess.Rd:261: Lost braces in \itemize; meant \describe ?
checkRd: (-1) abess.Rd:262: Lost braces in \itemize; meant \describe ?
checkRd: (-1) abess.Rd:263: Lost braces in \itemize; meant \describe ?
checkRd: (-1) coef.abesspca.Rd:16: Lost braces; missing escapes or markup?
16 | This parameter is omitted if {sparse.type = "kpc"}.}
| ^
checkRd: (-1) coef.abesspca.Rd:22: Lost braces; missing escapes or markup?
22 | This parameter is omitted if {sparse.type = "fpc"}.}
| ^
checkRd: (-1) generate.data.Rd:51: Lost braces
51 | code{cortype = 3} denotes the constant structure,
| ^
Flavors: r-devel-linux-x86_64-debian-clang, r-devel-linux-x86_64-fedora-clang, r-devel-linux-x86_64-fedora-gcc, r-devel-windows-x86_64, r-patched-linux-x86_64, r-release-linux-x86_64, r-release-macos-arm64, r-release-windows-x86_64
Version: 0.4.8
Check: installed package size
Result: NOTE
installed size is 105.4Mb
sub-directories of 1Mb or more:
libs 104.4Mb
Flavors: r-release-macos-arm64, r-oldrel-macos-arm64, r-oldrel-macos-x86_64
Version: 0.4.8
Check: re-building of vignette outputs
Result: ERROR
Error(s) in re-building vignettes:
--- re-building 'v01-abess-guide.Rmd' using rmarkdown
trying URL 'https://github.com/abess-team/abess/raw/master/R-package/data-raw/crime.rda'
Quitting from lines at lines 171-179 [unnamed-chunk-18] (v01-abess-guide.Rmd)
Error: processing vignette 'v01-abess-guide.Rmd' failed with diagnostics:
cannot open URL 'https://github.com/abess-team/abess/raw/master/R-package/data-raw/crime.rda'
--- failed re-building 'v01-abess-guide.Rmd'
SUMMARY: processing the following file failed:
'v01-abess-guide.Rmd'
Error: Vignette re-building failed.
Execution halted
Flavor: r-release-windows-x86_64