CRAN Package Check Results for Package abn

Last updated on 2018-10-16 22:56:02 CEST.

Flavor Version Tinstall Tcheck Ttotal Status Flags
r-devel-linux-x86_64-debian-clang 1.2 142.78 113.02 255.80 NOTE
r-devel-linux-x86_64-debian-gcc 1.2 128.05 103.40 231.45 NOTE
r-devel-linux-x86_64-fedora-clang 1.2 355.93 NOTE
r-devel-linux-x86_64-fedora-gcc 1.2 352.87 OK
r-devel-windows-ix86+x86_64 1.2 392.00 225.00 617.00 NOTE
r-patched-linux-x86_64 1.2 160.48 102.41 262.89 NOTE
r-patched-solaris-x86 1.2 103.40 ERROR
r-release-linux-x86_64 1.2 168.81 103.23 272.04 NOTE
r-release-windows-ix86+x86_64 1.2 389.00 222.00 611.00 NOTE
r-release-osx-x86_64 1.2 NOTE
r-oldrel-windows-ix86+x86_64 1.2 383.00 169.00 552.00 NOTE
r-oldrel-osx-x86_64 1.2 NOTE

Additional issues

clang-UBSAN gcc-UBSAN

Check Details

Version: 1.2
Check: package dependencies
Result: NOTE
    Package suggested but not available for checking: ‘INLA’
Flavors: r-devel-linux-x86_64-debian-clang, r-devel-linux-x86_64-debian-gcc, r-patched-linux-x86_64, r-patched-solaris-x86, r-release-linux-x86_64, r-release-osx-x86_64, r-oldrel-osx-x86_64

Version: 1.2
Check: installed package size
Result: NOTE
     installed size is 9.0Mb
     sub-directories of 1Mb or more:
     bootstrapping_example 1.2Mb
     libs 6.1Mb
Flavors: r-devel-linux-x86_64-fedora-clang, r-devel-windows-ix86+x86_64, r-release-windows-ix86+x86_64, r-release-osx-x86_64, r-oldrel-windows-ix86+x86_64, r-oldrel-osx-x86_64

Version: 1.2
Check: whether package can be installed
Result: ERROR
    Installation failed.
Flavor: r-patched-solaris-x86