Last updated on 2024-03-28 23:01:38 CET.
Flavor | Version | Tinstall | Tcheck | Ttotal | Status | Flags |
---|---|---|---|---|---|---|
r-devel-linux-x86_64-debian-clang | 0.3.1 | 4.86 | 92.07 | 96.93 | NOTE | |
r-devel-linux-x86_64-debian-gcc | 0.3.1 | 4.46 | 68.18 | 72.64 | NOTE | |
r-devel-linux-x86_64-fedora-clang | 0.3.1 | 118.16 | NOTE | |||
r-devel-linux-x86_64-fedora-gcc | 0.3.1 | 130.02 | NOTE | |||
r-devel-windows-x86_64 | 0.3.1 | 7.00 | 96.00 | 103.00 | NOTE | |
r-patched-linux-x86_64 | 0.3.1 | 4.32 | 89.06 | 93.38 | NOTE | |
r-release-linux-x86_64 | 0.3.1 | 4.91 | 87.28 | 92.19 | OK | |
r-release-macos-arm64 | 0.3.1 | 53.00 | OK | |||
r-release-macos-x86_64 | 0.3.1 | 77.00 | OK | |||
r-release-windows-x86_64 | 0.3.1 | 8.00 | 107.00 | 115.00 | OK | |
r-oldrel-macos-arm64 | 0.3.1 | 30.00 | OK | |||
r-oldrel-windows-x86_64 | 0.3.1 | 9.00 | 104.00 | 113.00 | OK |
Version: 0.3.1
Check: Rd files
Result: NOTE
checkRd: (-1) bind_tweets.Rd:21: Lost braces in \itemize; meant \describe ?
checkRd: (-1) bind_tweets.Rd:22: Lost braces in \itemize; meant \describe ?
Flavors: r-devel-linux-x86_64-debian-clang, r-devel-linux-x86_64-debian-gcc, r-devel-linux-x86_64-fedora-clang, r-devel-linux-x86_64-fedora-gcc, r-devel-windows-x86_64, r-patched-linux-x86_64