Last updated on 2023-09-23 23:00:40 CEST.
Flavor | Version | Tinstall | Tcheck | Ttotal | Status | Flags |
---|---|---|---|---|---|---|
r-devel-linux-x86_64-debian-clang | 1.4 | 14.23 | 135.33 | 149.56 | NOTE | |
r-devel-linux-x86_64-debian-gcc | 1.4 | 11.26 | 107.87 | 119.13 | NOTE | |
r-devel-linux-x86_64-fedora-clang | 1.4 | 179.52 | NOTE | |||
r-devel-linux-x86_64-fedora-gcc | 1.4 | 187.19 | NOTE | |||
r-devel-windows-x86_64 | 1.4 | 14.00 | 112.00 | 126.00 | OK | |
r-patched-linux-x86_64 | 1.4 | 18.35 | 125.11 | 143.46 | NOTE | |
r-release-linux-x86_64 | 1.4 | 10.46 | 127.49 | 137.95 | NOTE | |
r-release-macos-arm64 | 1.4 | 39.00 | OK | |||
r-release-macos-x86_64 | 1.4 | 64.00 | OK | |||
r-release-windows-x86_64 | 1.4 | 18.00 | 139.00 | 157.00 | OK | |
r-oldrel-macos-arm64 | 1.4 | 36.00 | OK | |||
r-oldrel-macos-x86_64 | 1.4 | 64.00 | OK | |||
r-oldrel-windows-x86_64 | 1.4 | 18.00 | 135.00 | 153.00 | OK |
Version: 1.4
Check: for non-standard things in the check directory
Result: NOTE
Found the following files/directories:
‘acceldata2.RData’
Flavors: r-devel-linux-x86_64-debian-clang, r-devel-linux-x86_64-debian-gcc, r-devel-linux-x86_64-fedora-clang, r-devel-linux-x86_64-fedora-gcc, r-patched-linux-x86_64, r-release-linux-x86_64