CRAN Package Check Results for Package activPAL

Last updated on 2024-07-23 22:49:33 CEST.

Flavor Version Tinstall Tcheck Ttotal Status Flags
r-devel-linux-x86_64-debian-clang 0.1.3 11.95 111.77 123.72 NOTE
r-devel-linux-x86_64-debian-gcc 0.1.3 8.81 80.81 89.62 NOTE
r-devel-linux-x86_64-fedora-clang 0.1.3 152.15 NOTE
r-devel-linux-x86_64-fedora-gcc 0.1.3 139.57 NOTE
r-devel-windows-x86_64 0.1.3 13.00 94.00 107.00 NOTE
r-patched-linux-x86_64 0.1.3 7.82 104.29 112.11 NOTE
r-release-linux-x86_64 0.1.3 7.34 106.90 114.24 NOTE
r-release-macos-arm64 0.1.3 43.00 NOTE
r-release-macos-x86_64 0.1.3 76.00 NOTE
r-release-windows-x86_64 0.1.3 11.00 93.00 104.00 NOTE
r-oldrel-macos-arm64 0.1.3 47.00 NOTE
r-oldrel-macos-x86_64 0.1.3 79.00 NOTE
r-oldrel-windows-x86_64 0.1.3 14.00 117.00 131.00 NOTE

Check Details

Version: 0.1.3
Check: LazyData
Result: NOTE 'LazyData' is specified without a 'data' directory Flavors: r-devel-linux-x86_64-debian-clang, r-devel-linux-x86_64-debian-gcc, r-devel-linux-x86_64-fedora-clang, r-devel-linux-x86_64-fedora-gcc, r-devel-windows-x86_64, r-patched-linux-x86_64, r-release-linux-x86_64, r-release-macos-arm64, r-release-macos-x86_64, r-release-windows-x86_64, r-oldrel-macos-arm64, r-oldrel-macos-x86_64, r-oldrel-windows-x86_64