CRAN Package Check Results for Package adaptMT

Last updated on 2023-12-02 21:39:47 CET.

Flavor Version Tinstall Tcheck Ttotal Status Flags
r-devel-linux-x86_64-debian-clang 1.0.0 3.74 276.61 280.35 NOTE
r-devel-linux-x86_64-debian-gcc 1.0.0 2.77 198.66 201.43 NOTE
r-devel-linux-x86_64-fedora-clang 1.0.0 340.39 OK
r-devel-linux-x86_64-fedora-gcc 1.0.0 338.86 OK
r-devel-windows-x86_64 1.0.0 4.00 288.00 292.00 OK
r-patched-linux-x86_64 1.0.0 4.46 261.52 265.98 WARN
r-release-linux-x86_64 1.0.0 2.99 253.56 256.55 WARN
r-release-macos-arm64 1.0.0 156.00 OK
r-release-macos-x86_64 1.0.0 265.00 OK
r-release-windows-x86_64 1.0.0 6.00 309.00 315.00 WARN
r-oldrel-macos-arm64 1.0.0 142.00 OK
r-oldrel-macos-x86_64 1.0.0 180.00 OK
r-oldrel-windows-x86_64 1.0.0 6.00 317.00 323.00 OK

Check Details

Version: 1.0.0
Check: Rd files
Result: NOTE checkRd: (-1) adapt.Rd:46: Lost braces 46 | \item{qvals}{a vector of values in [0, 1]U{Inf}. Q-values. See Details} | ^ checkRd: (-1) corr_lfdr.Rd:22: Lost braces in \itemize; \value handles \item{}{} directly checkRd: (-1) corr_lfdr.Rd:23: Lost braces in \itemize; \value handles \item{}{} directly checkRd: (-1) corr_lfdr.Rd:24: Lost braces in \itemize; \value handles \item{}{} directly checkRd: (-1) corr_lfdr.Rd:25: Lost braces in \itemize; \value handles \item{}{} directly checkRd: (-1) corr_lfdr.Rd:26: Lost braces in \itemize; \value handles \item{}{} directly checkRd: (-1) ctgm_lfdr.Rd:32: Lost braces in \itemize; \value handles \item{}{} directly checkRd: (-1) ctgm_lfdr.Rd:33: Lost braces in \itemize; \value handles \item{}{} directly checkRd: (-1) plot_2d.Rd:40: Lost braces; missing escapes or markup? 40 | \code{plot_2d_lfdr} gives the contour plot of local FDR estimates when all p-values are equal to \code{targetp}. It is recommended to run \code{plot_2d_lfdr} for multiple \code{targetp}'s ranging from {0.001, 0.005, 0.01, 0.05}. | ^ Flavors: r-devel-linux-x86_64-debian-clang, r-devel-linux-x86_64-debian-gcc

Version: 1.0.0
Check: data for ASCII and uncompressed saves
Result: WARN Note: significantly better compression could be obtained by using R CMD build --resave-data old_size new_size compress estrogen.RData 339Kb 241Kb xz Flavors: r-patched-linux-x86_64, r-release-linux-x86_64, r-release-windows-x86_64