CRAN Package Check Results for Package adaptivetau

Last updated on 2018-01-17 22:47:01 CET.

Flavor Version Tinstall Tcheck Ttotal Status Flags
r-devel-linux-x86_64-debian-clang 2.2-1 3.85 22.44 26.29 NOTE
r-devel-linux-x86_64-debian-gcc 2.2-1 5.22 17.60 22.82 NOTE
r-devel-linux-x86_64-fedora-clang 2.2-1 33.57 NOTE
r-devel-linux-x86_64-fedora-gcc 2.2-1 36.15 NOTE
r-devel-windows-ix86+x86_64 2.2-1 16.00 47.00 63.00 OK
r-patched-linux-x86_64 2.2-1 5.97 20.63 26.60 NOTE
r-patched-solaris-x86 2.2-1 50.40 OK
r-release-linux-x86_64 2.2-1 5.46 20.65 26.11 NOTE
r-release-windows-ix86+x86_64 2.2-1 15.00 48.00 63.00 OK
r-release-osx-x86_64 2.2-1 OK
r-oldrel-windows-ix86+x86_64 2.2-1 14.00 36.00 50.00 OK
r-oldrel-osx-x86_64 2.2-1 OK

Additional issues

rchk

Check Details

Version: 2.2-1
Check: compiled code
Result: NOTE
    File ‘adaptivetau/libs/adaptivetau.so’:
     Found no calls to: ‘R_registerRoutines’, ‘R_useDynamicSymbols’
    
    It is good practice to register native routines and to disable symbol
    search.
    
    See ‘Writing portable packages’ in the ‘Writing R Extensions’ manual.
Flavors: r-devel-linux-x86_64-debian-clang, r-devel-linux-x86_64-debian-gcc, r-devel-linux-x86_64-fedora-clang, r-devel-linux-x86_64-fedora-gcc, r-patched-linux-x86_64, r-release-linux-x86_64