CRAN Package Check Results for Package add2ggplot

Last updated on 2024-05-28 22:50:47 CEST.

Flavor Version Tinstall Tcheck Ttotal Status Flags
r-devel-linux-x86_64-debian-clang 0.3.0 5.95 59.41 65.36 NOTE
r-devel-linux-x86_64-debian-gcc 0.3.0 3.74 45.05 48.79 NOTE
r-devel-linux-x86_64-fedora-clang 0.3.0 85.06 NOTE
r-devel-linux-x86_64-fedora-gcc 0.3.0 89.01 NOTE
r-devel-windows-x86_64 0.3.0 7.00 63.00 70.00 NOTE
r-patched-linux-x86_64 0.3.0 4.70 57.03 61.73 NOTE
r-release-linux-x86_64 0.3.0 5.50 55.23 60.73 NOTE
r-release-macos-arm64 0.3.0 33.00 NOTE
r-release-windows-x86_64 0.3.0 6.00 65.00 71.00 NOTE
r-oldrel-macos-arm64 0.3.0 35.00 NOTE
r-oldrel-macos-x86_64 0.3.0 53.00 NOTE
r-oldrel-windows-x86_64 0.3.0 8.00 72.00 80.00 NOTE

Check Details

Version: 0.3.0
Check: LazyData
Result: NOTE 'LazyData' is specified without a 'data' directory Flavors: r-devel-linux-x86_64-debian-clang, r-devel-linux-x86_64-debian-gcc, r-devel-linux-x86_64-fedora-clang, r-devel-linux-x86_64-fedora-gcc, r-devel-windows-x86_64, r-patched-linux-x86_64, r-release-linux-x86_64, r-release-macos-arm64, r-release-windows-x86_64, r-oldrel-macos-arm64, r-oldrel-macos-x86_64, r-oldrel-windows-x86_64