CRAN Package Check Results for Package additiveDEA

Last updated on 2024-02-24 21:40:13 CET.

Flavor Version Tinstall Tcheck Ttotal Status Flags
r-devel-linux-x86_64-debian-clang 1.1 3.60 31.89 35.49 OK
r-devel-linux-x86_64-debian-gcc 1.1 2.38 24.65 27.03 OK
r-devel-linux-x86_64-fedora-clang 1.1 43.61 NOTE
r-devel-linux-x86_64-fedora-gcc 1.1 41.45 NOTE
r-devel-windows-x86_64 1.1 4.00 45.00 49.00 OK
r-patched-linux-x86_64 1.1 3.81 32.36 36.17 OK
r-release-linux-x86_64 1.1 2.82 31.85 34.67 OK
r-release-macos-arm64 1.1 19.00 OK
r-release-macos-x86_64 1.1 27.00 OK
r-release-windows-x86_64 1.1 3.00 49.00 52.00 OK
r-oldrel-macos-arm64 1.1 18.00 NOTE
r-oldrel-windows-x86_64 1.1 4.00 54.00 58.00 OK

Check Details

Version: 1.1
Check: dependencies in R code
Result: NOTE Namespace in Imports field not imported from: ‘Benchmarking’ All declared Imports should be used. Flavors: r-devel-linux-x86_64-fedora-clang, r-devel-linux-x86_64-fedora-gcc, r-oldrel-macos-arm64