Last updated on 2024-03-28 23:01:38 CET.
Flavor | Version | Tinstall | Tcheck | Ttotal | Status | Flags |
---|---|---|---|---|---|---|
r-devel-linux-x86_64-debian-clang | 3.0 | 13.65 | 105.06 | 118.71 | NOTE | |
r-devel-linux-x86_64-debian-gcc | 3.0 | 9.67 | 77.85 | 87.52 | NOTE | |
r-devel-linux-x86_64-fedora-clang | 3.0 | 141.69 | NOTE | |||
r-devel-linux-x86_64-fedora-gcc | 3.0 | 139.96 | NOTE | |||
r-devel-windows-x86_64 | 3.0 | 11.00 | 96.00 | 107.00 | NOTE | |
r-patched-linux-x86_64 | 3.0 | 11.60 | 102.13 | 113.73 | NOTE | |
r-release-linux-x86_64 | 3.0 | 12.99 | 106.21 | 119.20 | NOTE | |
r-release-macos-arm64 | 3.0 | 46.00 | NOTE | |||
r-release-macos-x86_64 | 3.0 | 72.00 | NOTE | |||
r-release-windows-x86_64 | 3.0 | 14.00 | 114.00 | 128.00 | NOTE | |
r-oldrel-macos-arm64 | 3.0 | 53.00 | NOTE | |||
r-oldrel-windows-x86_64 | 3.0 | 14.00 | 116.00 | 130.00 | NOTE |
Version: 3.0
Check: LazyData
Result: NOTE
'LazyData' is specified without a 'data' directory
Flavors: r-devel-linux-x86_64-debian-clang, r-devel-linux-x86_64-debian-gcc, r-devel-linux-x86_64-fedora-clang, r-devel-linux-x86_64-fedora-gcc, r-devel-windows-x86_64, r-patched-linux-x86_64, r-release-linux-x86_64, r-release-macos-arm64, r-release-macos-x86_64, r-release-windows-x86_64, r-oldrel-macos-arm64, r-oldrel-windows-x86_64