CRAN Package Check Results for Package adehabitatMA

Last updated on 2019-06-14 17:48:37 CEST.

Flavor Version Tinstall Tcheck Ttotal Status Flags
r-devel-linux-x86_64-debian-clang 0.3.13 6.36 50.97 57.33 OK
r-devel-linux-x86_64-debian-gcc 0.3.13 5.59 39.64 45.23 OK
r-devel-linux-x86_64-fedora-clang 0.3.13 69.92 NOTE
r-devel-linux-x86_64-fedora-gcc 0.3.13 65.50 NOTE
r-devel-windows-ix86+x86_64 0.3.13 19.00 86.00 105.00 OK
r-patched-linux-x86_64 0.3.13 5.48 49.73 55.21 OK
r-patched-solaris-x86 0.3.13 102.20 NOTE
r-release-linux-x86_64 0.3.13 5.81 50.06 55.87 OK
r-release-windows-ix86+x86_64 0.3.13 15.00 117.00 132.00 OK
r-release-osx-x86_64 0.3.13 NOTE
r-oldrel-windows-ix86+x86_64 0.3.13 12.00 113.00 125.00 OK
r-oldrel-osx-x86_64 0.3.13 NOTE

Check Details

Version: 0.3.13
Check: dependencies in R code
Result: NOTE
    Namespace in Imports field not imported from: ‘filehash’
     All declared Imports should be used.
Flavors: r-devel-linux-x86_64-fedora-clang, r-devel-linux-x86_64-fedora-gcc, r-patched-solaris-x86, r-release-osx-x86_64, r-oldrel-osx-x86_64