CRAN Package Check Results for Package adehabitatMA

Last updated on 2019-08-17 22:46:21 CEST.

Flavor Version Tinstall Tcheck Ttotal Status Flags
r-devel-linux-x86_64-debian-clang 0.3.13 6.87 51.89 58.76 OK
r-devel-linux-x86_64-debian-gcc 0.3.13 5.58 40.19 45.77 OK
r-devel-linux-x86_64-fedora-clang 0.3.13 74.24 NOTE
r-devel-linux-x86_64-fedora-gcc 0.3.13 68.36 NOTE
r-devel-windows-ix86+x86_64 0.3.13 25.00 117.00 142.00 OK
r-patched-linux-x86_64 0.3.13 6.74 50.09 56.83 OK
r-patched-solaris-x86 0.3.13 105.70 NOTE
r-release-linux-x86_64 0.3.13 5.77 49.81 55.58 OK
r-release-windows-ix86+x86_64 0.3.13 25.00 111.00 136.00 OK
r-release-osx-x86_64 0.3.13 NOTE
r-oldrel-windows-ix86+x86_64 0.3.13 18.00 108.00 126.00 OK
r-oldrel-osx-x86_64 0.3.13 NOTE

Check Details

Version: 0.3.13
Check: dependencies in R code
Result: NOTE
    Namespace in Imports field not imported from: ‘filehash’
     All declared Imports should be used.
Flavors: r-devel-linux-x86_64-fedora-clang, r-devel-linux-x86_64-fedora-gcc, r-patched-solaris-x86, r-release-osx-x86_64, r-oldrel-osx-x86_64