CRAN Package Check Results for Package agricolaeplotr

Last updated on 2023-03-21 22:56:00 CET.

Flavor Version Tinstall Tcheck Ttotal Status Flags
r-devel-linux-x86_64-debian-clang 0.2.2 8.91 123.02 131.93 NOTE
r-devel-linux-x86_64-debian-gcc 0.2.2 6.27 91.42 97.69 NOTE
r-devel-linux-x86_64-fedora-clang 0.2.2 170.08 NOTE
r-devel-linux-x86_64-fedora-gcc 0.2.2 163.82 NOTE
r-devel-windows-x86_64 0.2.2 76.00 169.00 245.00 NOTE
r-patched-linux-x86_64 0.2.2 7.96 116.28 124.24 OK
r-release-linux-x86_64 0.2.2 8.35 117.89 126.24 OK
r-release-macos-arm64 0.2.2 53.00 NOTE
r-release-macos-x86_64 0.2.2 86.00 NOTE
r-release-windows-x86_64 0.2.2 56.00 167.00 223.00 OK
r-oldrel-macos-arm64 0.2.2 67.00 NOTE
r-oldrel-macos-x86_64 0.2.2 65.00 NOTE
r-oldrel-windows-ix86+x86_64 0.2.2 22.00 145.00 167.00 OK

Check Details

Version: 0.2.2
Check: package subdirectories
Result: NOTE
    Problems with news in ‘NEWS.md’:
    No news entries found.
Flavors: r-devel-linux-x86_64-debian-clang, r-devel-linux-x86_64-debian-gcc, r-devel-linux-x86_64-fedora-clang, r-devel-linux-x86_64-fedora-gcc, r-devel-windows-x86_64

Version: 0.2.2
Check: dependencies in R code
Result: NOTE
    Namespace in Imports field not imported from: ‘rmarkdown’
     All declared Imports should be used.
Flavors: r-devel-linux-x86_64-fedora-clang, r-devel-linux-x86_64-fedora-gcc, r-release-macos-arm64, r-release-macos-x86_64, r-oldrel-macos-arm64, r-oldrel-macos-x86_64