Last updated on 2023-12-03 22:57:00 CET.
Flavor | Version | Tinstall | Tcheck | Ttotal | Status | Flags |
---|---|---|---|---|---|---|
r-devel-linux-x86_64-debian-clang | 0.9.3 | 42.97 | 46.62 | 89.59 | NOTE | |
r-devel-linux-x86_64-debian-gcc | 0.9.3 | 27.87 | 35.71 | 63.58 | NOTE | |
r-devel-linux-x86_64-fedora-clang | 0.9.3 | 117.21 | NOTE | |||
r-devel-linux-x86_64-fedora-gcc | 0.9.3 | 117.68 | NOTE | |||
r-devel-windows-x86_64 | 0.9.3 | 34.00 | 75.00 | 109.00 | NOTE | |
r-patched-linux-x86_64 | 0.9.3 | 32.76 | 46.18 | 78.94 | NOTE | |
r-release-linux-x86_64 | 0.9.3 | 35.19 | 45.88 | 81.07 | NOTE | |
r-release-macos-arm64 | 0.9.3 | 39.00 | NOTE | |||
r-release-macos-x86_64 | 0.9.3 | 59.00 | NOTE | |||
r-release-windows-x86_64 | 0.9.3 | 41.00 | 88.00 | 129.00 | NOTE | |
r-oldrel-macos-arm64 | 0.9.3 | 35.00 | NOTE | |||
r-oldrel-macos-x86_64 | 0.9.3 | 49.00 | NOTE | |||
r-oldrel-windows-x86_64 | 0.9.3 | 41.00 | 87.00 | 128.00 | OK |
Version: 0.9.3
Check: C++ specification
Result: NOTE
Specified C++11: please drop specification unless essential
Flavors: r-devel-linux-x86_64-debian-clang, r-devel-linux-x86_64-debian-gcc, r-devel-linux-x86_64-fedora-clang, r-devel-linux-x86_64-fedora-gcc, r-devel-windows-x86_64, r-patched-linux-x86_64, r-release-linux-x86_64, r-release-macos-arm64, r-release-macos-x86_64, r-release-windows-x86_64
Version: 0.9.3
Check: installed package size
Result: NOTE
installed size is 9.3Mb
sub-directories of 1Mb or more:
libs 8.8Mb
Flavors: r-release-macos-arm64, r-release-macos-x86_64, r-oldrel-macos-arm64, r-oldrel-macos-x86_64