Last updated on 2024-04-17 22:59:45 CEST.
Flavor | Version | Tinstall | Tcheck | Ttotal | Status | Flags |
---|---|---|---|---|---|---|
r-devel-linux-x86_64-debian-clang | 0.3.1 | 5.59 | 160.10 | 165.69 | NOTE | |
r-devel-linux-x86_64-debian-gcc | 0.3.1 | 4.69 | 103.67 | 108.36 | NOTE | |
r-devel-linux-x86_64-fedora-clang | 0.3.1 | 192.32 | NOTE | |||
r-devel-linux-x86_64-fedora-gcc | 0.3.1 | 208.01 | NOTE | |||
r-prerel-macos-arm64 | 0.3.1 | 53.00 | NOTE | |||
r-prerel-windows-x86_64 | 0.3.1 | 6.00 | 128.00 | 134.00 | NOTE | |
r-patched-linux-x86_64 | 0.3.1 | 5.17 | 142.41 | 147.58 | NOTE | |
r-release-linux-x86_64 | 0.3.1 | 6.28 | 139.69 | 145.97 | NOTE | |
r-release-macos-arm64 | 0.3.1 | 55.00 | NOTE | |||
r-release-macos-x86_64 | 0.3.1 | 98.00 | NOTE | |||
r-release-windows-x86_64 | 0.3.1 | 8.00 | 134.00 | 142.00 | NOTE | |
r-oldrel-macos-arm64 | 0.3.1 | 47.00 | NOTE | |||
r-oldrel-windows-x86_64 | 0.3.1 | 9.00 | 137.00 | 146.00 | NOTE |
Version: 0.3.1
Check: LazyData
Result: NOTE
'LazyData' is specified without a 'data' directory
Flavors: r-devel-linux-x86_64-debian-clang, r-devel-linux-x86_64-debian-gcc, r-devel-linux-x86_64-fedora-clang, r-devel-linux-x86_64-fedora-gcc, r-prerel-macos-arm64, r-prerel-windows-x86_64, r-patched-linux-x86_64, r-release-linux-x86_64, r-release-macos-arm64, r-release-macos-x86_64, r-release-windows-x86_64, r-oldrel-macos-arm64, r-oldrel-windows-x86_64