Last updated on 2024-03-28 23:01:38 CET.
Flavor | Version | Tinstall | Tcheck | Ttotal | Status | Flags |
---|---|---|---|---|---|---|
r-devel-linux-x86_64-debian-clang | 0.9.9 | 17.71 | 200.94 | 218.65 | OK | |
r-devel-linux-x86_64-debian-gcc | 0.9.9 | 12.98 | 153.26 | 166.24 | OK | |
r-devel-linux-x86_64-fedora-clang | 0.9.9 | 283.42 | NOTE | |||
r-devel-linux-x86_64-fedora-gcc | 0.9.9 | 274.09 | OK | |||
r-devel-windows-x86_64 | 0.9.9 | 15.00 | 159.00 | 174.00 | OK | |
r-patched-linux-x86_64 | 0.9.9 | 24.97 | 193.22 | 218.19 | OK | |
r-release-linux-x86_64 | 0.9.9 | 17.33 | 190.58 | 207.91 | OK | |
r-release-macos-arm64 | 0.9.9 | 89.00 | OK | |||
r-release-macos-x86_64 | 0.9.9 | 141.00 | OK | |||
r-release-windows-x86_64 | 0.9.9 | 19.00 | 199.00 | 218.00 | OK | |
r-oldrel-macos-arm64 | 0.9.9 | 83.00 | OK | |||
r-oldrel-windows-x86_64 | 0.9.9 | 21.00 | 208.00 | 229.00 | OK |
Version: 0.9.9
Check: Rd cross-references
Result: NOTE
Undeclared package ‘SnowballC’ in Rd xrefs
Flavor: r-devel-linux-x86_64-fedora-clang