CRAN Package Check Results for Package alakazam

Last updated on 2021-04-20 22:52:48 CEST.

Flavor Version Tinstall Tcheck Ttotal Status Flags
r-devel-linux-x86_64-debian-clang 1.1.0 61.84 563.21 625.05 OK
r-devel-linux-x86_64-debian-gcc 1.1.0 47.18 424.36 471.54 OK
r-devel-linux-x86_64-fedora-clang 1.1.0 768.85 OK
r-devel-linux-x86_64-fedora-gcc 1.1.0 750.74 OK
r-devel-windows-ix86+x86_64 1.1.0 104.00 693.00 797.00 OK
r-devel-windows-x86_64-gcc10-UCRT 1.1.0 OK
r-patched-linux-x86_64 1.1.0 62.14 528.90 591.04 OK
r-patched-solaris-x86 1.1.0 964.90 OK
r-release-linux-x86_64 1.1.0 55.05 527.13 582.18 OK
r-release-macos-x86_64 1.1.0 OK
r-release-windows-ix86+x86_64 1.1.0 134.00 901.00 1035.00 OK
r-oldrel-macos-x86_64 1.1.0 ERROR
r-oldrel-windows-ix86+x86_64 1.1.0 125.00 857.00 982.00 OK

Check Details

Version: 1.1.0
Check: whether package can be installed
Result: ERROR
    Installation failed.
Flavor: r-oldrel-macos-x86_64