CRAN Package Check Results for Package alakazam

Last updated on 2019-12-10 22:49:25 CET.

Flavor Version Tinstall Tcheck Ttotal Status Flags
r-devel-linux-x86_64-debian-clang 0.3.0 32.68 218.58 251.26 OK
r-devel-linux-x86_64-debian-gcc 0.3.0 25.30 165.71 191.01 OK
r-devel-linux-x86_64-fedora-clang ERROR
r-devel-linux-x86_64-fedora-gcc 0.3.0 308.04 OK
r-devel-windows-ix86+x86_64 0.3.0 66.00 396.00 462.00 OK
r-devel-windows-ix86+x86_64-gcc8 0.3.0 79.00 328.00 407.00 OK
r-patched-linux-x86_64 0.3.0 27.01 192.55 219.56 OK
r-patched-solaris-x86 0.3.0 347.70 OK
r-release-linux-x86_64 0.3.0 30.50 193.20 223.70 OK
r-release-windows-ix86+x86_64 0.3.0 67.00 280.00 347.00 OK
r-release-osx-x86_64 0.3.0 OK
r-oldrel-windows-ix86+x86_64 0.3.0 48.00 252.00 300.00 OK
r-oldrel-osx-x86_64 0.3.0 OK

Check Details

Version: 0.3.0
Check: whether package can be installed
Result: ERROR
    Installation failed.
Flavor: r-devel-linux-x86_64-fedora-clang