Last updated on 2024-04-18 22:52:32 CEST.
Flavor | Version | Tinstall | Tcheck | Ttotal | Status | Flags |
---|---|---|---|---|---|---|
r-devel-linux-x86_64-debian-clang | 0.8-19 | 10.50 | 36.12 | 46.62 | OK | |
r-devel-linux-x86_64-debian-gcc | 0.8-19 | 9.57 | 29.03 | 38.60 | OK | |
r-devel-linux-x86_64-fedora-clang | 0.8-19 | 60.22 | OK | |||
r-devel-linux-x86_64-fedora-gcc | 0.8-19 | 76.21 | OK | |||
r-prerel-macos-arm64 | 0.8-19 | 29.00 | OK | |||
r-prerel-windows-x86_64 | 0.8-19 | 14.00 | 71.00 | 85.00 | OK | |
r-patched-linux-x86_64 | 0.8-19 | 11.55 | 36.33 | 47.88 | OK | |
r-release-linux-x86_64 | 0.8-19 | 12.62 | 34.48 | 47.10 | OK | |
r-release-macos-arm64 | 0.8-19 | 30.00 | OK | |||
r-release-macos-x86_64 | 0.8-19 | 37.00 | NOTE | |||
r-release-windows-x86_64 | 0.8-19 | 17.00 | 68.00 | 85.00 | OK | |
r-oldrel-macos-arm64 | 0.8-19 | 23.00 | OK | |||
r-oldrel-windows-x86_64 | 0.8-19 | 23.00 | 81.00 | 104.00 | OK |
Version: 0.8-19
Check: package dependencies
Result: NOTE
Package suggested but not available for checking: ‘Biobase’
Flavor: r-release-macos-x86_64