Last updated on 2023-01-30 22:57:01 CET.
Flavor | Version | Tinstall | Tcheck | Ttotal | Status | Flags |
---|---|---|---|---|---|---|
r-devel-linux-x86_64-debian-clang | 0.6.0 | 1.78 | 30.35 | 32.13 | OK | |
r-devel-linux-x86_64-debian-gcc | 0.6.0 | 2.06 | 22.99 | 25.05 | OK | |
r-devel-linux-x86_64-fedora-clang | 0.6.0 | 41.86 | NOTE | |||
r-devel-linux-x86_64-fedora-gcc | 0.6.0 | 51.51 | NOTE | |||
r-devel-windows-x86_64 | 0.6.0 | 28.00 | 71.00 | 99.00 | OK | |
r-patched-linux-x86_64 | 0.6.0 | 2.48 | 30.22 | 32.70 | OK | |
r-release-linux-x86_64 | 0.6.0 | 1.89 | 31.29 | 33.18 | OK | |
r-release-macos-arm64 | 0.6.0 | 19.00 | NOTE | |||
r-release-macos-x86_64 | 0.6.0 | 25.00 | NOTE | |||
r-release-windows-x86_64 | 0.6.0 | 30.00 | 72.00 | 102.00 | OK | |
r-oldrel-macos-arm64 | 0.6.0 | 26.00 | NOTE | |||
r-oldrel-macos-x86_64 | 0.6.0 | 35.00 | NOTE | |||
r-oldrel-windows-ix86+x86_64 | 0.6.0 | 7.00 | 57.00 | 64.00 | OK |
Version: 0.6.0
Check: dependencies in R code
Result: NOTE
Namespace in Imports field not imported from: ‘jsonlite’
All declared Imports should be used.
Flavors: r-devel-linux-x86_64-fedora-clang, r-devel-linux-x86_64-fedora-gcc, r-release-macos-arm64, r-release-macos-x86_64, r-oldrel-macos-arm64, r-oldrel-macos-x86_64