CRAN Package Check Results for Package antaresRead

Last updated on 2024-06-13 22:49:19 CEST.

Flavor Version Tinstall Tcheck Ttotal Status Flags
r-devel-linux-x86_64-debian-clang 2.7.0 19.26 211.65 230.91 OK
r-devel-linux-x86_64-debian-gcc 2.7.0 0.76 1.72 2.48 ERROR
r-devel-linux-x86_64-fedora-clang 2.7.0 357.73 OK
r-devel-linux-x86_64-fedora-gcc 2.7.0 320.10 OK
r-devel-windows-x86_64 2.7.0 15.00 170.00 185.00 OK
r-patched-linux-x86_64 2.7.0 20.12 248.31 268.43 OK
r-release-linux-x86_64 2.7.0 14.32 249.68 264.00 OK
r-release-macos-arm64 2.7.0 84.00 OK
r-release-macos-x86_64 2.7.0 142.00 OK
r-release-windows-x86_64 2.7.0 16.00 171.00 187.00 OK
r-oldrel-macos-arm64 2.7.0 83.00 OK
r-oldrel-macos-x86_64 2.7.0 158.00 OK
r-oldrel-windows-x86_64 2.7.0 22.00 202.00 224.00 OK

Additional issues

M1mac

Check Details

Version: 2.7.0
Check: package dependencies
Result: ERROR Packages required but not available: 'lubridate', 'stringr', 'purrr' Package suggested but not available for checking: ‘testthat’ See section ‘The DESCRIPTION file’ in the ‘Writing R Extensions’ manual. Flavor: r-devel-linux-x86_64-debian-gcc