Last updated on 2023-10-01 23:03:39 CEST.
Flavor | Version | Tinstall | Tcheck | Ttotal | Status | Flags |
---|---|---|---|---|---|---|
r-devel-linux-x86_64-debian-clang | 2.6.0 | 15.35 | 276.84 | 292.19 | OK | |
r-devel-linux-x86_64-debian-gcc | 2.6.0 | 13.21 | 206.05 | 219.26 | OK | |
r-devel-linux-x86_64-fedora-clang | 2.6.0 | 338.11 | OK | |||
r-devel-linux-x86_64-fedora-gcc | 2.6.0 | 318.00 | OK | |||
r-devel-windows-x86_64 | 2.6.0 | 17.00 | 165.00 | 182.00 | OK | |
r-patched-linux-x86_64 | 2.6.0 | 18.50 | 240.10 | 258.60 | OK | |
r-release-linux-x86_64 | 2.6.0 | 14.63 | 233.80 | 248.43 | OK | |
r-release-macos-arm64 | 2.6.0 | 81.00 | NOTE | |||
r-release-macos-x86_64 | 2.6.0 | 151.00 | NOTE | |||
r-release-windows-x86_64 | 2.6.0 | 21.00 | 211.00 | 232.00 | OK | |
r-oldrel-macos-arm64 | 2.6.0 | 74.00 | OK | |||
r-oldrel-macos-x86_64 | 2.6.0 | 103.00 | OK | |||
r-oldrel-windows-x86_64 | 2.6.0 | 22.00 | 236.00 | 258.00 | OK |
Version: 2.6.0
Check: package dependencies
Result: NOTE
Package suggested but not available for checking: ‘rhdf5’
Flavors: r-release-macos-arm64, r-release-macos-x86_64