Last updated on 2021-04-10 22:52:16 CEST.
Flavor | Version | Tinstall | Tcheck | Ttotal | Status | Flags |
---|---|---|---|---|---|---|
r-devel-linux-x86_64-debian-clang | 0.3.1 | 4.70 | 44.65 | 49.35 | NOTE | |
r-devel-linux-x86_64-debian-gcc | 0.3.1 | 3.70 | 33.53 | 37.23 | NOTE | |
r-devel-linux-x86_64-fedora-clang | 0.3.1 | 72.40 | NOTE | |||
r-devel-linux-x86_64-fedora-gcc | 0.3.1 | 58.73 | NOTE | |||
r-devel-windows-ix86+x86_64 | 0.3.1 | 9.00 | 46.00 | 55.00 | NOTE | |
r-devel-windows-x86_64-gcc10-UCRT | 0.3.1 | NOTE | ||||
r-patched-linux-x86_64 | 0.3.1 | 4.10 | 41.27 | 45.37 | OK | |
r-patched-solaris-x86 | 0.3.1 | 87.90 | OK | |||
r-release-linux-x86_64 | 0.3.1 | 4.18 | 41.44 | 45.62 | OK | |
r-release-macos-x86_64 | 0.3.1 | OK | ||||
r-release-windows-ix86+x86_64 | 0.3.1 | 14.00 | 66.00 | 80.00 | OK | |
r-oldrel-macos-x86_64 | 0.3.1 | OK | ||||
r-oldrel-windows-ix86+x86_64 | 0.3.1 | 9.00 | 57.00 | 66.00 | OK |
Version: 0.3.1
Check: LazyData
Result: NOTE
'LazyData' is specified without a 'data' directory
Flavors: r-devel-linux-x86_64-debian-clang, r-devel-linux-x86_64-debian-gcc, r-devel-linux-x86_64-fedora-clang, r-devel-linux-x86_64-fedora-gcc, r-devel-windows-ix86+x86_64, r-devel-windows-x86_64-gcc10-UCRT