CRAN Package Check Results for Package anytime

Last updated on 2019-09-14 22:48:19 CEST.

Flavor Version Tinstall Tcheck Ttotal Status Flags
r-devel-linux-x86_64-debian-clang 0.3.6 29.71 27.63 57.34 OK
r-devel-linux-x86_64-debian-gcc 0.3.6 24.17 22.97 47.14 OK
r-devel-linux-x86_64-fedora-clang 0.3.6 79.17 ERROR
r-devel-linux-x86_64-fedora-gcc 0.3.6 80.25 ERROR
r-devel-windows-ix86+x86_64 0.3.6 74.00 65.00 139.00 OK
r-patched-linux-x86_64 0.3.6 27.04 27.35 54.39 OK
r-patched-solaris-x86 0.3.6 90.50 OK
r-release-linux-x86_64 0.3.6 27.38 27.46 54.84 OK
r-release-windows-ix86+x86_64 0.3.6 64.00 67.00 131.00 OK
r-release-osx-x86_64 0.3.6 OK
r-oldrel-windows-ix86+x86_64 0.3.6 81.00 61.00 142.00 OK
r-oldrel-osx-x86_64 0.3.6 OK

Check Details

Version: 0.3.6
Check: tests
Result: ERROR
     Running ‘tinytest.R’
    Running the tests in ‘tests/tinytest.R’ failed.
    Complete output:
     >
     > if (requireNamespace("tinytest", quietly=TRUE) &&
     + utils::packageVersion("tinytest") >= "1.0.0") {
     +
     + ## Set a seed to make the test deterministic
     + set.seed(42)
     +
     + ## there are several more granular ways to test files in a tinytest directory,
     + ## see its package vignette; tests can also run once the package is installed
     + ## using the same command `test_package(pkgName)`, or by director or file
     + tinytest::test_package("anytime", ncpu=getOption("Ncpus", 1), side_effects=TRUE)
     + }
     starting worker pid=23862 on localhost:11837 at 16:45:22.714
    
     Exited 'test_all_formats.R' at line 24. Skipping Solaris or Windows or Release
     Running test_all_formats.R............ 0 tests
    
     Running test_assertions.R............. 2 tests <1b>[0;32mOK<1b>[0m <1b>[0;93m1 side-effects<1b>[0m
    
     Exited 'test_bulk.R' at line 27. Skipping Solaris or Windows or Stupid
     Running test_bulk.R................... 0 tests <1b>[0;93m1 side-effects<1b>[0m
    
     Running test_gh_issue_100.R........... 2 tests <1b>[0;32mOK<1b>[0m <1b>[0;93m1 side-effects<1b>[0m
    
     Running test_gh_issue_12.R............ 2 tests <1b>[0;32mOK<1b>[0m
    
     Running test_gh_issue_33.R............ 2 tests <1b>[0;32mOK<1b>[0m
    
     Running test_gh_issue_56.R............ 7 tests <1b>[0;32mOK<1b>[0m
    
     Running test_simple.R................. 34 tests <1b>[0;31m10 fails<1b>[0m <1b>[0;93m1 side-effects<1b>[0m
    
     Running test_utilities.R.............. 2 tests <1b>[0;32mOK<1b>[0m <1b>[0;93m1 side-effects<1b>[0m
     Error: ----- FAILED[data]: test_simple.R<28--28>
     call| if (!isWindows) expect_equivalent(refT, anytime(20160101L + 0:2,
     call| oldHeuristic = TRUE))
     diff| Mean absolute difference: 3600
     ----- FAILED[data]: test_simple.R<32--32>
     call| if (!isWindows) expect_equivalent(refT, anytime(20160101 + 0:2,
     call| oldHeuristic = TRUE))
     diff| Mean absolute difference: 3600
     ----- FAILED[data]: test_simple.R<36--36>
     call| if (!isWindows) expect_equivalent(refT, anytime(as.factor(20160101 +
     call| 0:2)))
     diff| Mean absolute difference: 3600
     ----- FAILED[data]: test_simple.R<40--40>
     call| if (!isWindows) expect_equivalent(refT, anytime(as.ordered(20160101 +
     call| 0:2)))
     diff| Mean absolute difference: 3600
     ----- FAILED[data]: test_simple.R<44--44>
     call| if (!isWindows) expect_equivalent(refT, anytime(as.character(20160101 +
     call| 0:2)))
     diff| Mean absolute difference: 3600
     ----- FAILED[data]: test_simple.R<48--48>
     call| if (!isWindows) expect_equivalent(refT, anytime(c("20160101",
     Execution halted
Flavor: r-devel-linux-x86_64-fedora-clang

Version: 0.3.6
Check: tests
Result: ERROR
     Running ‘tinytest.R’
    Running the tests in ‘tests/tinytest.R’ failed.
    Complete output:
     >
     > if (requireNamespace("tinytest", quietly=TRUE) &&
     + utils::packageVersion("tinytest") >= "1.0.0") {
     +
     + ## Set a seed to make the test deterministic
     + set.seed(42)
     +
     + ## there are several more granular ways to test files in a tinytest directory,
     + ## see its package vignette; tests can also run once the package is installed
     + ## using the same command `test_package(pkgName)`, or by director or file
     + tinytest::test_package("anytime", ncpu=getOption("Ncpus", 1), side_effects=TRUE)
     + }
     starting worker pid=44331 on localhost:11569 at 18:26:08.895
    
     Exited 'test_all_formats.R' at line 24. Skipping Solaris or Windows or Release
     Running test_all_formats.R............ 0 tests
    
     Running test_assertions.R............. 2 tests <1b>[0;32mOK<1b>[0m <1b>[0;93m1 side-effects<1b>[0m
    
     Exited 'test_bulk.R' at line 27. Skipping Solaris or Windows or Stupid
     Running test_bulk.R................... 0 tests <1b>[0;93m1 side-effects<1b>[0m
    
     Running test_gh_issue_100.R........... 2 tests <1b>[0;32mOK<1b>[0m <1b>[0;93m1 side-effects<1b>[0m
    
     Running test_gh_issue_12.R............ 2 tests <1b>[0;32mOK<1b>[0m
    
     Running test_gh_issue_33.R............ 2 tests <1b>[0;32mOK<1b>[0m
    
     Running test_gh_issue_56.R............ 7 tests <1b>[0;32mOK<1b>[0m
    
     Running test_simple.R................. 34 tests <1b>[0;31m10 fails<1b>[0m <1b>[0;93m1 side-effects<1b>[0m
    
     Running test_utilities.R.............. 2 tests <1b>[0;32mOK<1b>[0m <1b>[0;93m1 side-effects<1b>[0m
     Error: ----- FAILED[data]: test_simple.R<28--28>
     call| if (!isWindows) expect_equivalent(refT, anytime(20160101L + 0:2,
     call| oldHeuristic = TRUE))
     diff| Mean absolute difference: 3600
     ----- FAILED[data]: test_simple.R<32--32>
     call| if (!isWindows) expect_equivalent(refT, anytime(20160101 + 0:2,
     call| oldHeuristic = TRUE))
     diff| Mean absolute difference: 3600
     ----- FAILED[data]: test_simple.R<36--36>
     call| if (!isWindows) expect_equivalent(refT, anytime(as.factor(20160101 +
     call| 0:2)))
     diff| Mean absolute difference: 3600
     ----- FAILED[data]: test_simple.R<40--40>
     call| if (!isWindows) expect_equivalent(refT, anytime(as.ordered(20160101 +
     call| 0:2)))
     diff| Mean absolute difference: 3600
     ----- FAILED[data]: test_simple.R<44--44>
     call| if (!isWindows) expect_equivalent(refT, anytime(as.character(20160101 +
     call| 0:2)))
     diff| Mean absolute difference: 3600
     ----- FAILED[data]: test_simple.R<48--48>
     call| if (!isWindows) expect_equivalent(refT, anytime(c("20160101",
     Execution halted
Flavor: r-devel-linux-x86_64-fedora-gcc