CRAN Package Check Results for Package aod

Last updated on 2024-02-28 22:59:12 CET.

Flavor Version Tinstall Tcheck Ttotal Status Flags
r-devel-linux-x86_64-debian-clang 1.3.3 5.99 52.13 58.12 OK
r-devel-linux-x86_64-debian-gcc 1.3.3 5.51 38.67 44.18 OK
r-devel-linux-x86_64-fedora-clang 1.3.3 71.24 NOTE
r-devel-linux-x86_64-fedora-gcc 1.3.3 68.17 OK
r-devel-windows-x86_64 1.3.3 6.00 66.00 72.00 OK
r-patched-linux-x86_64 1.3.3 7.86 50.86 58.72 OK
r-release-linux-x86_64 1.3.3 6.58 50.66 57.24 OK
r-release-macos-arm64 1.3.3 38.00 OK
r-release-macos-x86_64 1.3.3 79.00 OK
r-release-windows-x86_64 1.3.3 6.00 73.00 79.00 OK
r-oldrel-macos-arm64 1.3.3 29.00 OK
r-oldrel-windows-x86_64 1.3.3 13.00 78.00 91.00 OK

Check Details

Version: 1.3.3
Check: Rd cross-references
Result: NOTE Undeclared packages ‘geepack’, ‘dispmod’ in Rd xrefs Flavor: r-devel-linux-x86_64-fedora-clang