CRAN Package Check Results for Package apaTables

Last updated on 2019-10-22 22:49:05 CEST.

Flavor Version Tinstall Tcheck Ttotal Status Flags
r-devel-linux-x86_64-debian-clang 2.0.5 8.15 60.46 68.61 NOTE
r-devel-linux-x86_64-debian-gcc 2.0.5 6.43 47.40 53.83 NOTE
r-devel-linux-x86_64-fedora-clang 2.0.5 80.87 NOTE
r-devel-linux-x86_64-fedora-gcc 2.0.5 78.45 NOTE
r-devel-windows-ix86+x86_64 2.0.5 19.00 75.00 94.00 OK
r-patched-linux-x86_64 2.0.5 6.53 58.69 65.22 OK
r-patched-solaris-x86 2.0.5 116.50 OK
r-release-linux-x86_64 2.0.5 7.16 59.66 66.82 OK
r-release-windows-ix86+x86_64 2.0.5 27.00 72.00 99.00 OK
r-release-osx-x86_64 2.0.5 OK
r-oldrel-windows-ix86+x86_64 2.0.5 15.00 85.00 100.00 OK
r-oldrel-osx-x86_64 2.0.5 OK

Check Details

Version: 2.0.5
Check: for non-standard things in the check directory
Result: NOTE
    Found the following files/directories:
     'ex.CorTable1.doc' 'ex1_anova_table.doc' 'ex1_d_table.doc'
     'ex1_desc_table.doc' 'ex1_ez_independent.doc' 'ex2_anova_table.doc'
     'ex2_desc_table.doc' 'ex2_repeated_table.doc' 'ex3_anova_table.doc'
     'ex3_desc_table.doc' 'ex3_mixed_table.doc' 'exInteraction1.doc'
     'exInteraction2.doc' 'exInteraction3.doc' 'exRegBlocksTable.doc'
     'exRegTable.doc'
Flavors: r-devel-linux-x86_64-debian-clang, r-devel-linux-x86_64-debian-gcc, r-devel-linux-x86_64-fedora-clang, r-devel-linux-x86_64-fedora-gcc