CRAN Package Check Results for Package apcluster

Last updated on 2018-02-20 22:47:49 CET.

Flavor Version Tinstall Tcheck Ttotal Status Flags
r-devel-linux-x86_64-debian-clang 1.4.5 39.67 115.33 155.00 OK
r-devel-linux-x86_64-debian-gcc 1.4.5 37.35 88.21 125.56 OK
r-devel-linux-x86_64-fedora-clang 1.4.5 179.83 WARN
r-devel-linux-x86_64-fedora-gcc 1.4.5 171.16 WARN
r-devel-windows-ix86+x86_64 1.4.5 80.00 145.00 225.00 OK
r-patched-linux-x86_64 1.4.5 39.80 116.92 156.72 OK
r-patched-solaris-x86 1.4.5 218.20 WARN
r-release-linux-x86_64 1.4.5 37.27 116.23 153.50 OK
r-release-windows-ix86+x86_64 1.4.5 121.00 206.00 327.00 OK
r-release-osx-x86_64 1.4.5 WARN
r-oldrel-windows-ix86+x86_64 1.4.5 109.00 191.00 300.00 OK
r-oldrel-osx-x86_64 1.4.4 OK

Check Details

Version: 1.4.5
Check: package dependencies
Result: NOTE
    Packages suggested but not available for checking: ‘Biostrings’ ‘kebabs’
Flavors: r-devel-linux-x86_64-fedora-clang, r-devel-linux-x86_64-fedora-gcc, r-release-osx-x86_64

Version: 1.4.5
Check: re-building of vignette outputs
Result: WARN
    Error in re-building vignettes:
     ...
    
    Attaching package: 'apcluster'
    
    The following object is masked from 'package:stats':
    
     heatmap
    
    Quitting from lines 293-307 (apcluster.Rnw)
    Error: processing vignette 'apcluster.Rnw' failed with diagnostics:
    object 'apres1b' not found
    Execution halted
Flavors: r-devel-linux-x86_64-fedora-clang, r-devel-linux-x86_64-fedora-gcc, r-patched-solaris-x86, r-release-osx-x86_64

Version: 1.4.5
Check: package dependencies
Result: NOTE
    Package suggested but not available for checking: ‘kebabs’
Flavor: r-patched-solaris-x86