CRAN Package Check Results for Package apcluster

Last updated on 2018-12-11 21:48:38 CET.

Flavor Version Tinstall Tcheck Ttotal Status Flags
r-devel-linux-x86_64-debian-clang 1.4.7 56.58 110.81 167.39 OK
r-devel-linux-x86_64-debian-gcc 1.4.7 51.90 85.91 137.81 OK
r-devel-linux-x86_64-fedora-clang 1.4.7 224.09 OK
r-devel-linux-x86_64-fedora-gcc 1.4.7 206.16 OK
r-devel-windows-ix86+x86_64 1.4.7 141.00 164.00 305.00 OK
r-patched-linux-x86_64 1.4.7 64.14 104.44 168.58 OK
r-patched-solaris-x86 1.4.7 223.50 WARN
r-release-linux-x86_64 1.4.7 59.94 104.71 164.65 OK
r-release-windows-ix86+x86_64 1.4.7 136.00 153.00 289.00 OK
r-release-osx-x86_64 1.4.7 WARN
r-oldrel-windows-ix86+x86_64 1.4.7 94.00 214.00 308.00 OK
r-oldrel-osx-x86_64 1.4.7 WARN

Check Details

Version: 1.4.7
Check: package dependencies
Result: NOTE
    Package suggested but not available for checking: ‘kebabs’
Flavors: r-patched-solaris-x86, r-release-osx-x86_64, r-oldrel-osx-x86_64

Version: 1.4.7
Check: re-building of vignette outputs
Result: WARN
    Error in re-building vignettes:
     ...
    
    Attaching package: 'apcluster'
    
    The following object is masked from 'package:stats':
    
     heatmap
    
    Quitting from lines 387-408 (apcluster.Rnw)
    Error: processing vignette 'apcluster.Rnw' failed with diagnostics:
    object 'apres2c' not found
    Execution halted
Flavors: r-patched-solaris-x86, r-release-osx-x86_64, r-oldrel-osx-x86_64