CRAN Package Check Results for Package apcluster

Last updated on 2018-09-17 22:50:51 CEST.

Flavor Version Tinstall Tcheck Ttotal Status Flags
r-devel-linux-x86_64-debian-clang 1.4.7 51.32 118.46 169.78 OK
r-devel-linux-x86_64-debian-gcc 1.4.7 50.43 94.86 145.29 OK
r-devel-linux-x86_64-fedora-clang 1.4.7 247.92 OK
r-devel-linux-x86_64-fedora-gcc 1.4.7 240.73 OK
r-devel-windows-ix86+x86_64 1.4.7 147.00 393.00 540.00 OK
r-patched-linux-x86_64 1.4.7 58.27 104.13 162.40 OK
r-patched-solaris-x86 1.4.7 214.30 WARN
r-release-linux-x86_64 1.4.7 63.67 105.08 168.75 OK
r-release-windows-ix86+x86_64 1.4.7 103.00 134.00 237.00 OK
r-release-osx-x86_64 1.4.7 WARN
r-oldrel-windows-ix86+x86_64 1.4.7 101.00 135.00 236.00 OK
r-oldrel-osx-x86_64 1.4.7 WARN

Check Details

Version: 1.4.7
Check: package dependencies
Result: NOTE
    Package suggested but not available for checking: ‘kebabs’
Flavors: r-patched-solaris-x86, r-release-osx-x86_64, r-oldrel-osx-x86_64

Version: 1.4.7
Check: re-building of vignette outputs
Result: WARN
    Error in re-building vignettes:
     ...
    
    Attaching package: 'apcluster'
    
    The following object is masked from 'package:stats':
    
     heatmap
    
    Quitting from lines 387-408 (apcluster.Rnw)
    Error: processing vignette 'apcluster.Rnw' failed with diagnostics:
    object 'apres2c' not found
    Execution halted
Flavors: r-patched-solaris-x86, r-release-osx-x86_64, r-oldrel-osx-x86_64