Last updated on 2024-04-17 22:59:45 CEST.
Flavor | Version | Tinstall | Tcheck | Ttotal | Status | Flags |
---|---|---|---|---|---|---|
r-devel-linux-x86_64-debian-clang | 0.0.5 | 12.56 | 98.31 | 110.87 | OK | |
r-devel-linux-x86_64-debian-gcc | 0.0.5 | 11.37 | 75.35 | 86.72 | OK | |
r-devel-linux-x86_64-fedora-clang | 0.0.5 | 141.95 | NOTE | |||
r-devel-linux-x86_64-fedora-gcc | 0.0.5 | 136.26 | OK | |||
r-prerel-macos-arm64 | 0.0.5 | 41.00 | OK | |||
r-prerel-macos-x86_64 | 0.0.5 | 99.00 | OK | |||
r-prerel-windows-x86_64 | 0.0.5 | 11.00 | 84.00 | 95.00 | OK | |
r-patched-linux-x86_64 | 0.0.5 | 11.59 | 95.72 | 107.31 | OK | |
r-release-linux-x86_64 | 0.0.5 | 12.85 | 99.48 | 112.33 | OK | |
r-release-macos-arm64 | 0.0.5 | 47.00 | OK | |||
r-release-macos-x86_64 | 0.0.5 | 97.00 | OK | |||
r-release-windows-x86_64 | 0.0.5 | 15.00 | 101.00 | 116.00 | OK | |
r-oldrel-macos-arm64 | 0.0.5 | 52.00 | OK | |||
r-oldrel-windows-x86_64 | 0.0.5 | 18.00 | 106.00 | 124.00 | OK |
Version: 0.0.5
Check: Rd cross-references
Result: NOTE
Undeclared package ‘lme4’ in Rd xrefs
Flavor: r-devel-linux-x86_64-fedora-clang