Last updated on 2025-01-20 22:48:55 CET.
Flavor | Version | Tinstall | Tcheck | Ttotal | Status | Flags |
---|---|---|---|---|---|---|
r-devel-linux-x86_64-debian-clang | 2.8.0 | 25.02 | 198.58 | 223.60 | OK | |
r-devel-linux-x86_64-debian-gcc | 2.8.0 | 16.07 | 131.68 | 147.75 | OK | |
r-devel-linux-x86_64-fedora-clang | 2.8.0 | 359.14 | OK | |||
r-devel-linux-x86_64-fedora-gcc | 2.8.0 | 285.30 | OK | |||
r-devel-windows-x86_64 | 2.8.0 | 23.00 | 204.00 | 227.00 | OK | |
r-patched-linux-x86_64 | 2.8.0 | 23.13 | 186.51 | 209.64 | OK | |
r-release-linux-x86_64 | 2.8.0 | 23.02 | 186.33 | 209.35 | OK | |
r-release-macos-arm64 | 2.8.0 | 123.00 | NOTE | |||
r-release-macos-x86_64 | 2.8.0 | 242.00 | NOTE | |||
r-release-windows-x86_64 | 2.8.0 | 26.00 | 213.00 | 239.00 | NOTE | |
r-oldrel-macos-arm64 | 2.8.0 | 133.00 | NOTE | |||
r-oldrel-macos-x86_64 | 2.8.0 | 228.00 | NOTE | |||
r-oldrel-windows-x86_64 | 2.8.0 | 29.00 | 245.00 | 274.00 | NOTE |
Version: 2.8.0
Check: installed package size
Result: NOTE
installed size is 7.1Mb
sub-directories of 1Mb or more:
extdata 5.5Mb
Flavors: r-release-macos-arm64, r-release-macos-x86_64, r-release-windows-x86_64, r-oldrel-macos-arm64, r-oldrel-macos-x86_64, r-oldrel-windows-x86_64