Last updated on 2024-03-27 22:57:39 CET.
Flavor | Version | Tinstall | Tcheck | Ttotal | Status | Flags |
---|---|---|---|---|---|---|
r-devel-linux-x86_64-debian-clang | 0.1.0 | 2.02 | 32.68 | 34.70 | OK | |
r-devel-linux-x86_64-debian-gcc | 0.1.0 | 1.72 | 25.36 | 27.08 | OK | |
r-devel-linux-x86_64-fedora-clang | 0.1.0 | 47.27 | NOTE | |||
r-devel-linux-x86_64-fedora-gcc | 0.1.0 | 44.61 | NOTE | |||
r-devel-windows-x86_64 | 0.1.0 | 3.00 | 47.00 | 50.00 | OK | |
r-patched-linux-x86_64 | 0.1.0 | 2.82 | 32.58 | 35.40 | OK | |
r-release-linux-x86_64 | 0.1.0 | 2.37 | 31.80 | 34.17 | OK | |
r-release-macos-arm64 | 0.1.0 | 22.00 | OK | |||
r-release-macos-x86_64 | 0.1.0 | 30.00 | OK | |||
r-release-windows-x86_64 | 0.1.0 | 3.00 | 48.00 | 51.00 | OK | |
r-oldrel-macos-arm64 | 0.1.0 | 20.00 | NOTE | |||
r-oldrel-windows-x86_64 | 0.1.0 | 4.00 | 55.00 | 59.00 | OK |
Version: 0.1.0
Check: dependencies in R code
Result: NOTE
Namespace in Imports field not imported from: ‘sp’
All declared Imports should be used.
Flavors: r-devel-linux-x86_64-fedora-clang, r-devel-linux-x86_64-fedora-gcc, r-oldrel-macos-arm64