CRAN Package Check Results for Package archivist

Last updated on 2019-08-17 22:46:21 CEST.

Flavor Version Tinstall Tcheck Ttotal Status Flags
r-devel-linux-x86_64-debian-clang 2.3.2 7.88 68.76 76.64 NOTE
r-devel-linux-x86_64-debian-gcc 2.3.2 6.59 53.34 59.93 NOTE
r-devel-linux-x86_64-fedora-clang 2.3.2 91.99 NOTE
r-devel-linux-x86_64-fedora-gcc 2.3.2 87.53 NOTE
r-devel-windows-ix86+x86_64 2.3.2 21.00 133.00 154.00 OK
r-patched-linux-x86_64 2.3.2 8.67 66.89 75.56 OK
r-patched-solaris-x86 2.3.2 139.50 OK
r-release-linux-x86_64 2.3.2 6.56 66.40 72.96 OK
r-release-windows-ix86+x86_64 2.3.2 24.00 123.00 147.00 OK
r-release-osx-x86_64 2.3.2 OK
r-oldrel-windows-ix86+x86_64 2.3.2 17.00 122.00 139.00 OK
r-oldrel-osx-x86_64 2.3.2 OK

Check Details

Version: 2.3.2
Check: for non-standard things in the check directory
Result: NOTE
    Found the following files/directories:
     'arepo_test'
Flavors: r-devel-linux-x86_64-debian-clang, r-devel-linux-x86_64-debian-gcc, r-devel-linux-x86_64-fedora-clang, r-devel-linux-x86_64-fedora-gcc