CRAN Package Check Results for Package archivist

Last updated on 2019-06-15 22:58:32 CEST.

Flavor Version Tinstall Tcheck Ttotal Status Flags
r-devel-linux-x86_64-debian-clang 2.3.2 7.03 64.05 71.08 NOTE
r-devel-linux-x86_64-debian-gcc 2.3.2 6.50 50.70 57.20 NOTE
r-devel-linux-x86_64-fedora-clang 2.3.2 85.03 NOTE
r-devel-linux-x86_64-fedora-gcc 2.3.2 81.93 NOTE
r-devel-windows-ix86+x86_64 2.3.2 23.00 128.00 151.00 OK
r-patched-linux-x86_64 2.3.2 8.45 63.45 71.90 OK
r-patched-solaris-x86 2.3.2 130.20 OK
r-release-linux-x86_64 2.3.2 6.37 64.27 70.64 OK
r-release-windows-ix86+x86_64 2.3.2 14.00 129.00 143.00 OK
r-release-osx-x86_64 2.3.2 OK
r-oldrel-windows-ix86+x86_64 2.3.2 7.00 123.00 130.00 OK
r-oldrel-osx-x86_64 2.3.2 OK

Check Details

Version: 2.3.2
Check: for non-standard things in the check directory
Result: NOTE
    Found the following files/directories:
     'arepo_test'
Flavors: r-devel-linux-x86_64-debian-clang, r-devel-linux-x86_64-debian-gcc, r-devel-linux-x86_64-fedora-clang, r-devel-linux-x86_64-fedora-gcc