CRAN Package Check Results for Package argparse

Last updated on 2019-08-18 22:46:51 CEST.

Flavor Version Tinstall Tcheck Ttotal Status Flags
r-devel-linux-x86_64-debian-clang 2.0.1 4.83 39.40 44.23 OK
r-devel-linux-x86_64-debian-gcc 2.0.1 3.69 32.11 35.80 OK
r-devel-linux-x86_64-fedora-clang 2.0.1 54.78 OK
r-devel-linux-x86_64-fedora-gcc 2.0.1 50.27 OK
r-devel-windows-ix86+x86_64 2.0.1 10.00 99.00 109.00 OK --no-vignettes
r-patched-linux-x86_64 2.0.1 4.39 38.99 43.38 OK
r-patched-solaris-x86 2.0.1 60.80 OK --no-vignettes
r-release-linux-x86_64 2.0.1 3.94 38.97 42.91 OK
r-release-windows-ix86+x86_64 2.0.1 7.00 52.00 59.00 OK --no-vignettes
r-release-osx-x86_64 2.0.1 WARN
r-oldrel-windows-ix86+x86_64 2.0.1 8.00 65.00 73.00 OK --no-vignettes
r-oldrel-osx-x86_64 2.0.1 WARN

Check Details

Version: 2.0.1
Check: re-building of vignette outputs
Result: WARN
    Error(s) in re-building vignettes:
     ...
    --- re-building ‘argparse.Rrst’ using knitr
    sh: +RTS: command not found
    Warning in system(command) : error in running command
    Error: processing vignette 'argparse.Rrst' failed with diagnostics:
    pandoc document conversion failed with error 127
    --- failed re-building ‘argparse.Rrst’
    
    SUMMARY: processing the following file failed:
     ‘argparse.Rrst’
    
    Error: Vignette re-building failed.
    Execution halted
Flavor: r-release-osx-x86_64

Version: 2.0.1
Check: re-building of vignette outputs
Result: WARN
    Error in re-building vignettes:
     ...
    sh: +RTS: command not found
    Warning in system(command) : error in running command
    Error: processing vignette 'argparse.Rrst' failed with diagnostics:
    pandoc document conversion failed with error 127
    Execution halted
Flavor: r-oldrel-osx-x86_64