CRAN Package Check Results for Package argparse

Last updated on 2019-12-11 22:51:01 CET.

Flavor Version Tinstall Tcheck Ttotal Status Flags
r-devel-linux-x86_64-debian-clang 2.0.1 4.87 37.06 41.93 OK
r-devel-linux-x86_64-debian-gcc 2.0.1 3.64 29.48 33.12 OK
r-devel-linux-x86_64-fedora-clang 2.0.1 56.39 OK
r-devel-linux-x86_64-fedora-gcc 2.0.1 55.19 OK
r-devel-windows-ix86+x86_64 2.0.1 8.00 73.00 81.00 OK --no-vignettes
r-devel-windows-ix86+x86_64-gcc8 2.0.1 9.00 67.00 76.00 OK --no-vignettes
r-patched-linux-x86_64 2.0.1 3.42 34.79 38.21 OK
r-patched-solaris-x86 2.0.1 60.10 OK --no-vignettes
r-release-linux-x86_64 2.0.1 3.79 34.33 38.12 OK
r-release-windows-ix86+x86_64 2.0.1 7.00 57.00 64.00 OK --no-vignettes
r-release-osx-x86_64 2.0.1 WARN
r-oldrel-windows-ix86+x86_64 2.0.1 5.00 75.00 80.00 OK --no-vignettes
r-oldrel-osx-x86_64 2.0.1 WARN

Check Details

Version: 2.0.1
Check: re-building of vignette outputs
Result: WARN
    Error(s) in re-building vignettes:
     ...
    --- re-building ‘argparse.Rrst’ using knitr
    sh: +RTS: command not found
    Warning in system(command) : error in running command
    Error: processing vignette 'argparse.Rrst' failed with diagnostics:
    pandoc document conversion failed with error 127
    --- failed re-building ‘argparse.Rrst’
    
    SUMMARY: processing the following file failed:
     ‘argparse.Rrst’
    
    Error: Vignette re-building failed.
    Execution halted
Flavor: r-release-osx-x86_64

Version: 2.0.1
Check: re-building of vignette outputs
Result: WARN
    Error in re-building vignettes:
     ...
    sh: +RTS: command not found
    Warning in system(command) : error in running command
    Error: processing vignette 'argparse.Rrst' failed with diagnostics:
    pandoc document conversion failed with error 127
    Execution halted
Flavor: r-oldrel-osx-x86_64