CRAN Package Check Results for Package ari

Last updated on 2021-04-16 22:50:50 CEST.

Flavor Version Tinstall Tcheck Ttotal Status Flags
r-devel-linux-x86_64-debian-clang 0.3.5 5.45 51.00 56.45 NOTE
r-devel-linux-x86_64-debian-gcc 0.3.5 4.18 39.47 43.65 NOTE
r-devel-linux-x86_64-fedora-clang 0.3.5 79.29 NOTE
r-devel-linux-x86_64-fedora-gcc 0.3.5 66.06 NOTE
r-devel-windows-ix86+x86_64 0.3.5 16.00 72.00 88.00 NOTE
r-devel-windows-x86_64-gcc10-UCRT 0.3.5 NOTE
r-patched-linux-x86_64 0.3.5 5.11 49.07 54.18 OK
r-patched-solaris-x86 0.3.5 95.60 OK
r-release-linux-x86_64 0.3.5 5.47 49.02 54.49 OK
r-release-macos-x86_64 0.3.5 OK
r-release-windows-ix86+x86_64 0.3.5 20.00 75.00 95.00 OK
r-oldrel-macos-x86_64 0.3.5 OK
r-oldrel-windows-ix86+x86_64 0.3.5 8.00 68.00 76.00 OK

Check Details

Version: 0.3.5
Check: LazyData
Result: NOTE
     'LazyData' is specified without a 'data' directory
Flavors: r-devel-linux-x86_64-debian-clang, r-devel-linux-x86_64-debian-gcc, r-devel-linux-x86_64-fedora-clang, r-devel-linux-x86_64-fedora-gcc, r-devel-windows-ix86+x86_64, r-devel-windows-x86_64-gcc10-UCRT