Last updated on 2024-04-19 22:55:38 CEST.
Flavor | Version | Tinstall | Tcheck | Ttotal | Status | Flags |
---|---|---|---|---|---|---|
r-devel-linux-x86_64-debian-clang | 0.2-30 | 32.43 | 169.26 | 201.69 | OK | |
r-devel-linux-x86_64-debian-gcc | 0.2-30 | OK | ||||
r-devel-linux-x86_64-fedora-clang | 0.2-30 | 289.64 | OK | |||
r-devel-linux-x86_64-fedora-gcc | 0.2-30 | 261.82 | OK | |||
r-prerel-macos-arm64 | 0.2-30 | 74.00 | OK | |||
r-prerel-windows-x86_64 | 0.2-30 | 42.00 | 139.00 | 181.00 | NOTE | |
r-patched-linux-x86_64 | 0.2-30 | 40.35 | 160.31 | 200.66 | OK | |
r-release-linux-x86_64 | 0.2-30 | 42.33 | 168.25 | 210.58 | OK | |
r-release-macos-arm64 | 0.2-30 | 78.00 | OK | |||
r-release-macos-x86_64 | 0.2-30 | 207.00 | OK | |||
r-release-windows-x86_64 | 0.2-30 | 54.00 | 177.00 | 231.00 | NOTE | |
r-oldrel-macos-arm64 | 0.2-30 | 85.00 | OK | |||
r-oldrel-windows-x86_64 | 0.2-30 | 49.00 | 182.00 | 231.00 | NOTE |
Version: 0.2-30
Check: installed package size
Result: NOTE
installed size is 14.3Mb
sub-directories of 1Mb or more:
bin 11.3Mb
misc 2.1Mb
Flavors: r-prerel-windows-x86_64, r-release-windows-x86_64, r-oldrel-windows-x86_64