CRAN Package Check Results for Package asbio

Last updated on 2019-06-24 22:59:41 CEST.

Flavor Version Tinstall Tcheck Ttotal Status Flags
r-devel-linux-x86_64-debian-clang 1.5-5 43.09 186.40 229.49 OK
r-devel-linux-x86_64-debian-gcc 1.5-5 31.43 147.27 178.70 OK
r-devel-linux-x86_64-fedora-clang 1.5-5 273.51 OK
r-devel-linux-x86_64-fedora-gcc 1.5-5 268.12 OK
r-devel-windows-ix86+x86_64 1.5-5 52.00 242.00 294.00 OK
r-patched-linux-x86_64 1.5-5 41.19 188.25 229.44 OK
r-patched-solaris-x86 1.5-5 412.80 WARN
r-release-linux-x86_64 1.5-5 40.80 189.78 230.58 OK
r-release-windows-ix86+x86_64 1.5-5 64.00 263.00 327.00 OK
r-release-osx-x86_64 1.5-5 OK
r-oldrel-windows-ix86+x86_64 1.5-5 39.00 136.00 175.00 OK
r-oldrel-osx-x86_64 1.5-5 OK

Check Details

Version: 1.5-5
Check: for code/documentation mismatches
Result: WARN
    XIO: fatal IO error 146 (Connection refused) on X server ":5.0"
     after 0 requests (0 known processed) with 0 events remaining.
Flavor: r-patched-solaris-x86