Last updated on 2023-12-07 21:55:40 CET.
Flavor | Version | Tinstall | Tcheck | Ttotal | Status | Flags |
---|---|---|---|---|---|---|
r-devel-linux-x86_64-debian-clang | 1.9-6 | 53.04 | 279.81 | 332.85 | NOTE | |
r-devel-linux-x86_64-debian-gcc | 1.9-6 | 39.18 | 211.17 | 250.35 | NOTE | |
r-devel-linux-x86_64-fedora-clang | 1.9-6 | 447.42 | OK | |||
r-devel-linux-x86_64-fedora-gcc | 1.9-6 | 419.22 | OK | |||
r-devel-windows-x86_64 | 1.9-6 | 37.00 | 259.00 | 296.00 | OK | |
r-patched-linux-x86_64 | 1.9-6 | 54.53 | 282.39 | 336.92 | OK | |
r-release-linux-x86_64 | 1.9-6 | 49.46 | 279.60 | 329.06 | OK | |
r-release-macos-arm64 | 1.9-6 | 116.00 | OK | |||
r-release-macos-x86_64 | 1.9-6 | 269.00 | OK | |||
r-release-windows-x86_64 | 1.9-6 | 48.00 | 295.00 | 343.00 | OK | |
r-oldrel-macos-arm64 | 1.9-6 | 191.00 | OK | |||
r-oldrel-macos-x86_64 | 1.9-6 | 294.00 | OK | |||
r-oldrel-windows-x86_64 | 1.9-6 | 46.00 | 289.00 | 335.00 | OK |
Version: 1.9-6
Check: Rd files
Result: NOTE
checkRd: (-1) anolis.rd:10: Lost braces
10 | lizard species {\emph{A. sargei} and \emph{A. distichus}}, branch height {high and low}, and branch size {small and large}.
| ^
checkRd: (-1) anolis.rd:10: Lost braces; missing escapes or markup?
10 | lizard species {\emph{A. sargei} and \emph{A. distichus}}, branch height {high and low}, and branch size {small and large}.
| ^
checkRd: (-1) anolis.rd:10: Lost braces; missing escapes or markup?
10 | lizard species {\emph{A. sargei} and \emph{A. distichus}}, branch height {high and low}, and branch size {small and large}.
| ^
checkRd: (-1) auc.rd:18: Lost braces; missing escapes or markup?
18 | Dichotomous {0, 1} outcomes (i.e. response values for binomial GLM).
| ^
Flavors: r-devel-linux-x86_64-debian-clang, r-devel-linux-x86_64-debian-gcc