CRAN Package Check Results for Package assignR

Last updated on 2021-04-13 22:53:35 CEST.

Flavor Version Tinstall Tcheck Ttotal Status Flags
r-devel-linux-x86_64-debian-clang 2.0.0 13.05 301.38 314.43 OK
r-devel-linux-x86_64-debian-gcc 2.0.0 10.17 225.53 235.70 OK
r-devel-linux-x86_64-fedora-clang 2.0.0 383.16 NOTE
r-devel-linux-x86_64-fedora-gcc 2.0.0 379.18 NOTE
r-devel-windows-ix86+x86_64 2.0.0 32.00 347.00 379.00 OK
r-devel-windows-x86_64-gcc10-UCRT 2.0.0 NOTE
r-patched-linux-x86_64 2.0.0 13.29 292.04 305.33 OK
r-patched-solaris-x86 2.0.0 492.70 NOTE
r-release-linux-x86_64 2.0.0 10.80 292.41 303.21 OK
r-release-macos-x86_64 2.0.0 NOTE
r-release-windows-ix86+x86_64 2.0.0 22.00 367.00 389.00 OK
r-oldrel-macos-x86_64 2.0.0 NOTE
r-oldrel-windows-ix86+x86_64 2.0.0 31.00 246.00 277.00 OK

Check Details

Version: 2.0.0
Check: data for non-ASCII characters
Result: NOTE
     Note: found 8 marked UTF-8 strings
Flavors: r-devel-linux-x86_64-fedora-clang, r-devel-linux-x86_64-fedora-gcc, r-devel-windows-x86_64-gcc10-UCRT, r-patched-solaris-x86, r-release-macos-x86_64, r-oldrel-macos-x86_64