CRAN Package Check Results for Package astroFns

Last updated on 2018-10-17 22:51:25 CEST.

Flavor Version Tinstall Tcheck Ttotal Status Flags
r-devel-linux-x86_64-debian-clang 4.1-0 1.65 19.76 21.41 NOTE
r-devel-linux-x86_64-debian-gcc 4.1-0 1.34 16.07 17.41 NOTE
r-devel-linux-x86_64-fedora-clang 4.1-0 25.05 NOTE
r-devel-linux-x86_64-fedora-gcc 4.1-0 23.62 NOTE
r-devel-windows-ix86+x86_64 4.1-0 5.00 44.00 49.00 NOTE
r-patched-linux-x86_64 4.1-0 1.02 17.86 18.88 NOTE
r-patched-solaris-x86 4.1-0 34.50 NOTE
r-release-linux-x86_64 4.1-0 1.35 17.96 19.31 NOTE
r-release-windows-ix86+x86_64 4.1-0 4.00 30.00 34.00 NOTE
r-release-osx-x86_64 4.1-0 NOTE
r-oldrel-windows-ix86+x86_64 4.1-0 3.00 28.00 31.00 NOTE
r-oldrel-osx-x86_64 4.1-0 NOTE

Check Details

Version: 4.1-0
Check: R code for possible problems
Result: NOTE
    beamDiskOverlap: no visible global function definition for ‘integrate’
    Undefined global functions or variables:
     integrate
    Consider adding
     importFrom("stats", "integrate")
    to your NAMESPACE file.
Flavors: r-devel-linux-x86_64-debian-clang, r-devel-linux-x86_64-debian-gcc, r-devel-linux-x86_64-fedora-clang, r-devel-linux-x86_64-fedora-gcc, r-devel-windows-ix86+x86_64, r-patched-linux-x86_64, r-patched-solaris-x86, r-release-linux-x86_64, r-release-windows-ix86+x86_64, r-release-osx-x86_64, r-oldrel-windows-ix86+x86_64, r-oldrel-osx-x86_64