CRAN Package Check Results for Package astroFns

Last updated on 2018-07-20 22:50:08 CEST.

Flavor Version Tinstall Tcheck Ttotal Status Flags
r-devel-linux-x86_64-debian-clang 4.1-0 1.67 19.24 20.91 NOTE
r-devel-linux-x86_64-debian-gcc 4.1-0 1.00 15.38 16.38 NOTE
r-devel-linux-x86_64-fedora-clang 4.1-0 23.58 NOTE
r-devel-linux-x86_64-fedora-gcc 4.1-0 22.94 NOTE
r-devel-windows-ix86+x86_64 4.1-0 5.00 29.00 34.00 NOTE
r-patched-linux-x86_64 4.1-0 1.49 18.15 19.64 NOTE
r-patched-solaris-x86 4.1-0 35.10 NOTE
r-release-linux-x86_64 4.1-0 1.40 18.11 19.51 NOTE
r-release-windows-ix86+x86_64 4.1-0 4.00 30.00 34.00 NOTE
r-release-osx-x86_64 4.1-0 NOTE
r-oldrel-windows-ix86+x86_64 4.1-0 3.00 28.00 31.00 NOTE
r-oldrel-osx-x86_64 4.1-0 NOTE

Check Details

Version: 4.1-0
Check: R code for possible problems
Result: NOTE
    beamDiskOverlap: no visible global function definition for ‘integrate’
    Undefined global functions or variables:
     integrate
    Consider adding
     importFrom("stats", "integrate")
    to your NAMESPACE file.
Flavors: r-devel-linux-x86_64-debian-clang, r-devel-linux-x86_64-debian-gcc, r-devel-linux-x86_64-fedora-clang, r-devel-linux-x86_64-fedora-gcc, r-devel-windows-ix86+x86_64, r-patched-linux-x86_64, r-patched-solaris-x86, r-release-linux-x86_64, r-release-windows-ix86+x86_64, r-release-osx-x86_64, r-oldrel-windows-ix86+x86_64, r-oldrel-osx-x86_64